{"id":825,"date":"2015-04-25T12:40:41","date_gmt":"2015-04-25T12:40:41","guid":{"rendered":"http:\/\/dstenerife.ducklingit.com\/?page_id=825"},"modified":"2021-07-16T12:59:31","modified_gmt":"2021-07-16T12:59:31","slug":"numeros-y-hechos","status":"publish","type":"page","link":"https:\/\/staging.dst.deutsche-schule.eu\/es\/colegio\/numeros-y-hechos\/","title":{"rendered":"N\u00fameros y hechos"},"content":{"rendered":"<ul>\n<li>Fundada en 1909 por iniciativa de familias alemanas y suizas en el Puerto de la Cruz<\/li>\n<li>Nombre: Colegio Alem\u00e1n de Santa Cruz de Tenerife<\/li>\n<li>Aproximadamente 550 alumnos y aproximadamente 170 ni\u00f1os en el Kindergarten y en la Guarder\u00eda<\/li>\n<li>Aproximadamente 50 profesores<\/li>\n<li>Departamentos:<\/li>\n<\/ul>\n<p style=\"padding-left: 120px;\">Guarder\u00eda (ni\u00f1os a partir de 2 a\u00f1os)<\/p>\n<p style=\"padding-left: 120px;\">Kindergarten (ni\u00f1os con edades comprendidas entre los 3 hasta los 5 a\u00f1os)<\/p>\n<p style=\"padding-left: 120px;\">Primaria (Cursos 1\u00ba-4\u00ba\/ 1\u00ba &#8211; 4\u00ba de Educaci\u00f3n Primaria)<\/p>\n<p style=\"padding-left: 120px;\">Secundaria I (Cursos de orientaci\u00f3n: cursos 5\u00ba-6\u00ba\/ 5\u00ba y 6\u00ba de Educaci\u00f3n Primaria; grados intermedios: cursos 7\u00ba-9\u00ba\/ 1\u00ba-3\u00ba de E.S.O.)<\/p>\n<p style=\"padding-left: 120px;\">Bachillerato (cursos 10\u00ba-12\u00ba\/ 4\u00ba de E.S.O. y 1\u00ba y 2\u00ba de Bachillerato)<\/p>\n<ul>\n<li>En todas los niveles existe la posibilidad de ampliar la estancia en el colegio, despu\u00e9s de la jornada lectiva habitual, en forma de actividades voluntarias (actividades extraescolares, ayuda en la tarea).<\/li>\n<li>Horario lectivo de 8:00 \u2013 13.20 h y de 14:00 \u2013 15:35 h.<\/li>\n<li>La KMK reconoce al Colegio Alem\u00e1n de Santa Cruz de Tenerife como Colegio Alem\u00e1n en el Extranjero desde 1963<\/li>\n<li>Idiomas: Alem\u00e1n, Espa\u00f1ol, Ingl\u00e9s (a partir de 3\u00ba de Primaria), Franc\u00e9s (a partir de 3\u00ba de la E.S.O.)<\/li>\n<li>Asignaturas optativas en Bachillerato: M\u00fasica, Arte, Filosof\u00eda, Franc\u00e9s, Inform\u00e1tica, Biolog\u00eda, F\u00edsica, Qu\u00edmica y Geograf\u00eda<\/li>\n<li>Anualmente entre 30 y 40 bachilleres<\/li>\n<li>Cursos de PAU, homologaci\u00f3n del acceso a la educaci\u00f3n superior espa\u00f1ola<\/li>\n<li>Clases de instrumento de viento en los cursos 5\u00ba y 6\u00ba como punto fuerte en la formaci\u00f3n musical<\/li>\n<li>Amplio programa de mediaci\u00f3n<\/li>\n<li><a href=\"https:\/\/stage.dst.deutsche-schule.eu\/es\/colegio\/gesamtschulische-konzepte\/\">Conceptos escolares transversales.<\/a><\/li>\n<\/ul>\n","protected":false},"excerpt":{"rendered":"<p>Fundada en 1909 por iniciativa de familias alemanas y suizas en el Puerto de la Cruz [&hellip;]<\/p>\n","protected":false},"author":10,"featured_media":41405,"parent":902,"menu_order":4,"comment_status":"closed","ping_status":"closed","template":"","meta":{"site-sidebar-layout":"default","site-content-layout":"default","ast-site-content-layout":"default","site-content-style":"default","site-sidebar-style":"default","ast-global-header-display":"","ast-banner-title-visibility":"","ast-main-header-display":"","ast-hfb-above-header-display":"","ast-hfb-below-header-display":"","ast-hfb-mobile-header-display":"","site-post-title":"","ast-breadcrumbs-content":"","ast-featured-img":"","footer-sml-layout":"","ast-disable-related-posts":"","theme-transparent-header-meta":"default","adv-header-id-meta":"","stick-header-meta":"default","header-above-stick-meta":"","header-main-stick-meta":"","header-below-stick-meta":"","astra-migrate-meta-layouts":"default","ast-page-background-enabled":"default","ast-page-background-meta":{"desktop":{"background-color":"","background-image":"","background-repeat":"repeat","background-position":"center center","background-size":"auto","background-attachment":"scroll","background-type":"","background-media":"","overlay-type":"","overlay-color":"","overlay-opacity":"","overlay-gradient":""},"tablet":{"background-color":"","background-image":"","background-repeat":"repeat","background-position":"center center","background-size":"auto","background-attachment":"scroll","background-type":"","background-media":"","overlay-type":"","overlay-color":"","overlay-opacity":"","overlay-gradient":""},"mobile":{"background-color":"","background-image":"","background-repeat":"repeat","background-position":"center center","background-size":"auto","background-attachment":"scroll","background-type":"","background-media":"","overlay-type":"","overlay-color":"","overlay-opacity":"","overlay-gradient":""}},"ast-content-background-meta":{"desktop":{"background-color":"var(--ast-global-color-5)","background-image":"","background-repeat":"repeat","background-position":"center center","background-size":"auto","background-attachment":"scroll","background-type":"","background-media":"","overlay-type":"","overlay-color":"","overlay-opacity":"","overlay-gradient":""},"tablet":{"background-color":"var(--ast-global-color-5)","background-image":"","background-repeat":"repeat","background-position":"center center","background-size":"auto","background-attachment":"scroll","background-type":"","background-media":"","overlay-type":"","overlay-color":"","overlay-opacity":"","overlay-gradient":""},"mobile":{"background-color":"var(--ast-global-color-5)","background-image":"","background-repeat":"repeat","background-position":"center center","background-size":"auto","background-attachment":"scroll","background-type":"","background-media":"","overlay-type":"","overlay-color":"","overlay-opacity":"","overlay-gradient":""}},"_jet_sm_ready_style":"","_jet_sm_style":"","_jet_sm_controls_values":"","_jet_sm_fonts_collection":"","_jet_sm_fonts_links":"","footnotes":""},"schlagwortedst":[153],"class_list":["post-825","page","type-page","status-publish","has-post-thumbnail","hentry","schlagwortedst-sideschule"],"_links":{"self":[{"href":"https:\/\/staging.dst.deutsche-schule.eu\/es\/wp-json\/wp\/v2\/pages\/825","targetHints":{"allow":["GET"]}}],"collection":[{"href":"https:\/\/staging.dst.deutsche-schule.eu\/es\/wp-json\/wp\/v2\/pages"}],"about":[{"href":"https:\/\/staging.dst.deutsche-schule.eu\/es\/wp-json\/wp\/v2\/types\/page"}],"author":[{"embeddable":true,"href":"https:\/\/staging.dst.deutsche-schule.eu\/es\/wp-json\/wp\/v2\/users\/10"}],"replies":[{"embeddable":true,"href":"https:\/\/staging.dst.deutsche-schule.eu\/es\/wp-json\/wp\/v2\/comments?post=825"}],"version-history":[{"count":3,"href":"https:\/\/staging.dst.deutsche-schule.eu\/es\/wp-json\/wp\/v2\/pages\/825\/revisions"}],"predecessor-version":[{"id":43045,"href":"https:\/\/staging.dst.deutsche-schule.eu\/es\/wp-json\/wp\/v2\/pages\/825\/revisions\/43045"}],"up":[{"embeddable":true,"href":"https:\/\/staging.dst.deutsche-schule.eu\/es\/wp-json\/wp\/v2\/pages\/902"}],"wp:featuredmedia":[{"embeddable":true,"href":"https:\/\/staging.dst.deutsche-schule.eu\/es\/wp-json\/wp\/v2\/media\/41405"}],"wp:attachment":[{"href":"https:\/\/staging.dst.deutsche-schule.eu\/es\/wp-json\/wp\/v2\/media?parent=825"}],"wp:term":[{"taxonomy":"schlagwortedst","embeddable":true,"href":"https:\/\/staging.dst.deutsche-schule.eu\/es\/wp-json\/wp\/v2\/schlagwortedst?post=825"}],"curies":[{"name":"wp","href":"https:\/\/api.w.org\/{rel}","templated":true}]}}

Números y hechos

<ul>
<li>Fundada en 1909 por iniciativa de familias alemanas y suizas en el Puerto de la Cruz</li>
<li>Nombre: Colegio Alemán de Santa Cruz de Tenerife</li>
<li>Aproximadamente 550 alumnos y aproximadamente 170 niños en el Kindergarten y en la Guardería</li>
<li>Aproximadamente 50 profesores</li>
<li>Departamentos:</li>
</ul>
<p style="padding-left: 120px;">Guardería (niños a partir de 2 años)</p>
<p style="padding-left: 120px;">Kindergarten (niños con edades comprendidas entre los 3 hasta los 5 años)</p>
<p style="padding-left: 120px;">Primaria (Cursos 1º-4º/ 1º &#8211; 4º de Educación Primaria)</p>
<p style="padding-left: 120px;">Secundaria I (Cursos de orientación: cursos 5º-6º/ 5º y 6º de Educación Primaria; grados intermedios: cursos 7º-9º/ 1º-3º de E.S.O.)</p>
<p style="padding-left: 120px;">Bachillerato (cursos 10º-12º/ 4º de E.S.O. y 1º y 2º de Bachillerato)</p>
<ul>
<li>En todas los niveles existe la posibilidad de ampliar la estancia en el colegio, después de la jornada lectiva habitual, en forma de actividades voluntarias (actividades extraescolares, ayuda en la tarea).</li>
<li>Horario lectivo de 8:00 – 13.20 h y de 14:00 – 15:35 h.</li>
<li>La KMK reconoce al Colegio Alemán de Santa Cruz de Tenerife como Colegio Alemán en el Extranjero desde 1963</li>
<li>Idiomas: Alemán, Español, Inglés (a partir de 3º de Primaria), Francés (a partir de 3º de la E.S.O.)</li>
<li>Asignaturas optativas en Bachillerato: Música, Arte, Filosofía, Francés, Informática, Biología, Física, Química y Geografía</li>
<li>Anualmente entre 30 y 40 bachilleres</li>
<li>Cursos de PAU, homologación del acceso a la educación superior española</li>
<li>Clases de instrumento de viento en los cursos 5º y 6º como punto fuerte en la formación musical</li>
<li>Amplio programa de mediación</li>
<li><a href="https://stage.dst.deutsche-schule.eu/es/colegio/gesamtschulische-konzepte/">Conceptos escolares transversales.</a></li>
</ul>
