{"id":4881,"date":"2016-04-29T12:57:43","date_gmt":"2016-04-29T12:57:43","guid":{"rendered":"https:\/\/stage.dst.deutsche-schule.eu\/es\/?page_id=4881"},"modified":"2021-08-09T13:48:41","modified_gmt":"2021-08-09T13:48:41","slug":"asignaturas-primaria","status":"publish","type":"page","link":"https:\/\/staging.dst.deutsche-schule.eu\/es\/primaria\/asignaturas-primaria\/","title":{"rendered":"Asignaturas Primaria"},"content":{"rendered":"<p style=\"text-align: justify;\">Los profesores de la primaria son profesores de clase y\/o profesores especializados que imparten clases articuladas por horas para la preparaci\u00f3n de asignaturas troncales. Nuestro objetivo es proporcionar una base de conocimientos y habilidades a todos los ni\u00f1os.<\/p>\n<p style=\"text-align: justify;\">Sin embargo, la duraci\u00f3n y la secuencia de las actividades de aprendizaje pueden variar dependiendo de la capacidad del ni\u00f1o y de las necesidades did\u00e1cticas.<\/p>\n<p style=\"text-align: justify;\">Si es posible, el tutor\/a alem\u00e1n\/a conduce su clase desde 1\u00ba hasta 4\u00ba, siendo apoyado por una co-tutora espa\u00f1ola para que los ni\u00f1os puedan terminar las tareas de clase.<\/p>\n<p style=\"text-align: justify;\">En las clases de alem\u00e1n a los ni\u00f1os se les ense\u00f1a seg\u00fan los siguientes requisitos: tres horas de clase en grupos peque\u00f1os y homog\u00e9neos con 2 profesores siguiendo el modelo de trabajo en equipo.<\/p>\n<p style=\"text-align: justify;\">El gran n\u00famero de monitores en pr\u00e1cticas y profesorado en pr\u00e1cticas nos permite responder\u00a0 mejor a las necesidades individuales de los alumnos\/as.<\/p>\n<p style=\"text-align: justify;\">Todos los ni\u00f1os alemanes que se matriculan por primera vez en nuestro colegio, no ser\u00e1n evaluados de las asignaturas que se imparten en espa\u00f1ol. El alumno que no domine suficientemente la lengua espa\u00f1ola, tendr\u00e1 que asistir obligatoriamente a clases gratuitas de espa\u00f1ol como lengua extranjera durante un a\u00f1o.<\/p>\n<p style=\"text-align: justify;\">Los alumnos de primaria ser\u00e1n calificados de todas las asignaturas a partir del del\u00a0tercer curso.<\/p>\n<p>Los ni\u00f1os de primero al final del curso y los de segundo, al finalizar el primer semestre y al finalizar el a\u00f1o escolar recibir\u00e1n un documento general sobre el \u00a0desarrollo de su aprendizaje en forma de un informe de competencias.<\/p>\n<p style=\"text-align: justify;\">Los planes de trabajo de las asignaturas han sido elaborados seg\u00fan <a href=\"http:\/\/www.schulportal-thueringen.de\/lehrplaene\/grundschule\" target=\"_blank\" rel=\"noopener noreferrer\">el plan de estudios del estado de Turingia<\/a>.<\/p>\n<table style=\"border-collapse: collapse; width: 100%; height: 322px;\">\n<tbody>\n<tr style=\"background-color: rgb(248, 145, 0);color:white;\">\n<td style=\"width: 221.391px; height: 46px;\"><strong>Idiomas<\/strong><\/td>\n<td style=\"width: 404.188px; height: 46px;\"><strong>Ciencias Sociales y ciencias Naturales<\/strong><\/td>\n<td style=\"width: 269.422px; height: 46px;\"><strong>Otros<\/strong><\/td>\n<\/tr>\n<tr style=\"height: 46px;\">\n<td style=\"width: 221.391px; height: 46px;\"><a href=\"https:\/\/stage.dst.deutsche-schule.eu\/wp-content\/uploads\/2020\/02\/Arbeitsplan-Deutsch-gesamt_14022020.pdf\" rel=\"noopener noreferrer\">Alem\u00e1n<\/a><\/td>\n<td style=\"width: 404.188px; height: 46px;\"><a href=\"https:\/\/stage.dst.deutsche-schule.eu\/wp-content\/uploads\/2016\/04\/Arbeitsplan-Mathe_2010.pdf\" rel=\"noopener noreferrer\">Matem\u00e1ticas<\/a><\/td>\n<td style=\"width: 269.422px; height: 46px;\"><a href=\"https:\/\/stage.dst.deutsche-schule.eu\/wp-content\/uploads\/2016\/04\/Arbeitsplan-Musik_2009.pdf\" rel=\"noopener noreferrer\">M\u00fasica<\/a><\/td>\n<\/tr>\n<tr style=\"height: 46px;\">\n<td style=\"width: 221.391px; height: 46px;\"><a href=\"https:\/\/stage.dst.deutsche-schule.eu\/wp-content\/uploads\/2016\/04\/Primaria-Curriculum-Lengua-Castellana-y-Literatura-de-la-Comunidad-Aut\u00f3noma-Canaria.pdf\">Espa\u00f1ol (e)\u00a0<\/a><\/td>\n<td style=\"width: 404.188px; height: 46px;\"><a href=\"https:\/\/stage.dst.deutsche-schule.eu\/wp-content\/uploads\/2016\/04\/Arbeitsplan-Sachkunde_2010.pdf\" rel=\"noopener noreferrer\">Ciencias Sociales<\/a> &amp; <a href=\"https:\/\/stage.dst.deutsche-schule.eu\/wp-content\/uploads\/2016\/04\/Themenliste-Sachkunde_2010.pdf\" rel=\"noopener noreferrer\">lista de temas<\/a><\/td>\n<td style=\"width: 269.422px; height: 46px;\"><a href=\"https:\/\/stage.dst.deutsche-schule.eu\/wp-content\/uploads\/2016\/04\/Arbeitsplan-Kunst_2010.pdf\" rel=\"noopener noreferrer\">Arte<\/a><\/td>\n<\/tr>\n<tr style=\"height: 46px;\">\n<td style=\"width: 221.391px; height: 46px;\"><a href=\"https:\/\/stage.dst.deutsche-schule.eu\/wp-content\/uploads\/2016\/04\/Arbeitsplan-SpaF_1_2_2016.pdf\" rel=\"noopener noreferrer\">IPS 1-2<\/a><\/td>\n<td style=\"width: 404.188px; height: 46px;\"><a href=\"https:\/\/stage.dst.deutsche-schule.eu\/wp-content\/uploads\/2016\/04\/Primaria-Curriculum-Ciencias-Sociales-de-la-Comunidad-Aut\u00f3noma-Canaria.pdf\">Ciencias Sociales (e)<\/a><\/td>\n<td style=\"width: 269.422px; height: 46px;\"><a href=\"https:\/\/stage.dst.deutsche-schule.eu\/wp-content\/uploads\/2016\/04\/Arbeitsplan-Sport_2010.pdf\" rel=\"noopener noreferrer\">Deporte<\/a><\/td>\n<\/tr>\n<tr style=\"height: 46px;\">\n<td style=\"width: 221.391px; height: 46px;\"><a href=\"https:\/\/stage.dst.deutsche-schule.eu\/wp-content\/uploads\/2016\/04\/Arbeitsplan-SpaF_3_4_2016.pdf\" rel=\"noopener noreferrer\">IPS 3-4<\/a><\/td>\n<td style=\"width: 404.188px; height: 46px;\"><a href=\"https:\/\/stage.dst.deutsche-schule.eu\/wp-content\/uploads\/2016\/04\/Arbeitsplan-Ethik_2011.pdf\" rel=\"noopener noreferrer\">\u00c9tica<\/a><\/td>\n<td style=\"width: 269.422px; height: 46px;\"><\/td>\n<\/tr>\n<tr style=\"height: 46px;\">\n<td style=\"width: 221.391px; height: 46px;\"><a href=\"https:\/\/stage.dst.deutsche-schule.eu\/wp-content\/uploads\/2016\/04\/Arbeitsplan-Englisch_2010.pdf\" rel=\"noopener noreferrer\">Ingl\u00e9s<\/a><\/td>\n<td style=\"width: 404.188px; height: 46px;\">Religi\u00f3n<\/td>\n<td style=\"width: 269.422px; height: 46px;\"><\/td>\n<\/tr>\n<tr style=\"height: 46px;\">\n<td style=\"width: 895px; height: 46px;\" colspan=\"3\"><a href=\"http:\/\/www.schulportal-thueringen.de\/lehrplaene\/grundschule\" target=\"_blank\" rel=\"noopener noreferrer\">Plan de estudios del estado de Turingia<\/a><\/td>\n<\/tr>\n<\/tbody>\n<\/table>\n<p>&nbsp;<\/p>\n<p>&nbsp;<\/p>\n","protected":false},"excerpt":{"rendered":"<p>Los profesores de la primaria son profesores de clase y\/o profesores especializados que imparten clases articuladas [&hellip;]<\/p>\n","protected":false},"author":10,"featured_media":0,"parent":1743,"menu_order":10,"comment_status":"closed","ping_status":"closed","template":"","meta":{"site-sidebar-layout":"default","site-content-layout":"default","ast-site-content-layout":"default","site-content-style":"default","site-sidebar-style":"default","ast-global-header-display":"","ast-banner-title-visibility":"","ast-main-header-display":"","ast-hfb-above-header-display":"","ast-hfb-below-header-display":"","ast-hfb-mobile-header-display":"","site-post-title":"","ast-breadcrumbs-content":"","ast-featured-img":"","footer-sml-layout":"","ast-disable-related-posts":"","theme-transparent-header-meta":"default","adv-header-id-meta":"","stick-header-meta":"default","header-above-stick-meta":"","header-main-stick-meta":"","header-below-stick-meta":"","astra-migrate-meta-layouts":"default","ast-page-background-enabled":"default","ast-page-background-meta":{"desktop":{"background-color":"","background-image":"","background-repeat":"repeat","background-position":"center center","background-size":"auto","background-attachment":"scroll","background-type":"","background-media":"","overlay-type":"","overlay-color":"","overlay-opacity":"","overlay-gradient":""},"tablet":{"background-color":"","background-image":"","background-repeat":"repeat","background-position":"center center","background-size":"auto","background-attachment":"scroll","background-type":"","background-media":"","overlay-type":"","overlay-color":"","overlay-opacity":"","overlay-gradient":""},"mobile":{"background-color":"","background-image":"","background-repeat":"repeat","background-position":"center center","background-size":"auto","background-attachment":"scroll","background-type":"","background-media":"","overlay-type":"","overlay-color":"","overlay-opacity":"","overlay-gradient":""}},"ast-content-background-meta":{"desktop":{"background-color":"var(--ast-global-color-5)","background-image":"","background-repeat":"repeat","background-position":"center center","background-size":"auto","background-attachment":"scroll","background-type":"","background-media":"","overlay-type":"","overlay-color":"","overlay-opacity":"","overlay-gradient":""},"tablet":{"background-color":"var(--ast-global-color-5)","background-image":"","background-repeat":"repeat","background-position":"center center","background-size":"auto","background-attachment":"scroll","background-type":"","background-media":"","overlay-type":"","overlay-color":"","overlay-opacity":"","overlay-gradient":""},"mobile":{"background-color":"var(--ast-global-color-5)","background-image":"","background-repeat":"repeat","background-position":"center center","background-size":"auto","background-attachment":"scroll","background-type":"","background-media":"","overlay-type":"","overlay-color":"","overlay-opacity":"","overlay-gradient":""}},"_jet_sm_ready_style":"","_jet_sm_style":"","_jet_sm_controls_values":"","_jet_sm_fonts_collection":"","_jet_sm_fonts_links":"","footnotes":""},"schlagwortedst":[150],"class_list":["post-4881","page","type-page","status-publish","hentry","schlagwortedst-sidegs"],"_links":{"self":[{"href":"https:\/\/staging.dst.deutsche-schule.eu\/es\/wp-json\/wp\/v2\/pages\/4881","targetHints":{"allow":["GET"]}}],"collection":[{"href":"https:\/\/staging.dst.deutsche-schule.eu\/es\/wp-json\/wp\/v2\/pages"}],"about":[{"href":"https:\/\/staging.dst.deutsche-schule.eu\/es\/wp-json\/wp\/v2\/types\/page"}],"author":[{"embeddable":true,"href":"https:\/\/staging.dst.deutsche-schule.eu\/es\/wp-json\/wp\/v2\/users\/10"}],"replies":[{"embeddable":true,"href":"https:\/\/staging.dst.deutsche-schule.eu\/es\/wp-json\/wp\/v2\/comments?post=4881"}],"version-history":[{"count":11,"href":"https:\/\/staging.dst.deutsche-schule.eu\/es\/wp-json\/wp\/v2\/pages\/4881\/revisions"}],"predecessor-version":[{"id":45140,"href":"https:\/\/staging.dst.deutsche-schule.eu\/es\/wp-json\/wp\/v2\/pages\/4881\/revisions\/45140"}],"up":[{"embeddable":true,"href":"https:\/\/staging.dst.deutsche-schule.eu\/es\/wp-json\/wp\/v2\/pages\/1743"}],"wp:attachment":[{"href":"https:\/\/staging.dst.deutsche-schule.eu\/es\/wp-json\/wp\/v2\/media?parent=4881"}],"wp:term":[{"taxonomy":"schlagwortedst","embeddable":true,"href":"https:\/\/staging.dst.deutsche-schule.eu\/es\/wp-json\/wp\/v2\/schlagwortedst?post=4881"}],"curies":[{"name":"wp","href":"https:\/\/api.w.org\/{rel}","templated":true}]}}

<p style="text-align: justify;">Los profesores de la primaria son profesores de clase y/o profesores especializados que imparten clases articuladas por horas para la preparación de asignaturas troncales. Nuestro objetivo es proporcionar una base de conocimientos y habilidades a todos los niños.</p>
<p style="text-align: justify;">Sin embargo, la duración y la secuencia de las actividades de aprendizaje pueden variar dependiendo de la capacidad del niño y de las necesidades didácticas.</p>
<p style="text-align: justify;">Si es posible, el tutor/a alemán/a conduce su clase desde 1º hasta 4º, siendo apoyado por una co-tutora española para que los niños puedan terminar las tareas de clase.</p>
<p style="text-align: justify;">En las clases de alemán a los niños se les enseña según los siguientes requisitos: tres horas de clase en grupos pequeños y homogéneos con 2 profesores siguiendo el modelo de trabajo en equipo.</p>
<p style="text-align: justify;">El gran número de monitores en prácticas y profesorado en prácticas nos permite responder  mejor a las necesidades individuales de los alumnos/as.</p>
<p style="text-align: justify;">Todos los niños alemanes que se matriculan por primera vez en nuestro colegio, no serán evaluados de las asignaturas que se imparten en español. El alumno que no domine suficientemente la lengua española, tendrá que asistir obligatoriamente a clases gratuitas de español como lengua extranjera durante un año.</p>
<p style="text-align: justify;">Los alumnos de primaria serán calificados de todas las asignaturas a partir del del tercer curso.</p>
<p>Los niños de primero al final del curso y los de segundo, al finalizar el primer semestre y al finalizar el año escolar recibirán un documento general sobre el  desarrollo de su aprendizaje en forma de un informe de competencias.</p>
<p style="text-align: justify;">Los planes de trabajo de las asignaturas han sido elaborados según <a href="http://www.schulportal-thueringen.de/lehrplaene/grundschule" target="_blank" rel="noopener noreferrer">el plan de estudios del estado de Turingia</a>.</p>
<table style="border-collapse: collapse; width: 100%; height: 322px;">
<tbody>
<tr style="background-color: rgb(248, 145, 0);color:white;">
<td style="width: 221.391px; height: 46px;"><strong>Idiomas</strong></td>
<td style="width: 404.188px; height: 46px;"><strong>Ciencias Sociales y ciencias Naturales</strong></td>
<td style="width: 269.422px; height: 46px;"><strong>Otros</strong></td>
</tr>
<tr style="height: 46px;">
<td style="width: 221.391px; height: 46px;"><a href="https://stage.dst.deutsche-schule.eu/wp-content/uploads/2020/02/Arbeitsplan-Deutsch-gesamt_14022020.pdf" rel="noopener noreferrer">Alemán</a></td>
<td style="width: 404.188px; height: 46px;"><a href="https://stage.dst.deutsche-schule.eu/wp-content/uploads/2016/04/Arbeitsplan-Mathe_2010.pdf" rel="noopener noreferrer">Matemáticas</a></td>
<td style="width: 269.422px; height: 46px;"><a href="https://stage.dst.deutsche-schule.eu/wp-content/uploads/2016/04/Arbeitsplan-Musik_2009.pdf" rel="noopener noreferrer">Música</a></td>
</tr>
<tr style="height: 46px;">
<td style="width: 221.391px; height: 46px;"><a href="https://stage.dst.deutsche-schule.eu/wp-content/uploads/2016/04/Primaria-Curriculum-Lengua-Castellana-y-Literatura-de-la-Comunidad-Autónoma-Canaria.pdf">Español (e) </a></td>
<td style="width: 404.188px; height: 46px;"><a href="https://stage.dst.deutsche-schule.eu/wp-content/uploads/2016/04/Arbeitsplan-Sachkunde_2010.pdf" rel="noopener noreferrer">Ciencias Sociales</a> &amp; <a href="https://stage.dst.deutsche-schule.eu/wp-content/uploads/2016/04/Themenliste-Sachkunde_2010.pdf" rel="noopener noreferrer">lista de temas</a></td>
<td style="width: 269.422px; height: 46px;"><a href="https://stage.dst.deutsche-schule.eu/wp-content/uploads/2016/04/Arbeitsplan-Kunst_2010.pdf" rel="noopener noreferrer">Arte</a></td>
</tr>
<tr style="height: 46px;">
<td style="width: 221.391px; height: 46px;"><a href="https://stage.dst.deutsche-schule.eu/wp-content/uploads/2016/04/Arbeitsplan-SpaF_1_2_2016.pdf" rel="noopener noreferrer">IPS 1-2</a></td>
<td style="width: 404.188px; height: 46px;"><a href="https://stage.dst.deutsche-schule.eu/wp-content/uploads/2016/04/Primaria-Curriculum-Ciencias-Sociales-de-la-Comunidad-Autónoma-Canaria.pdf">Ciencias Sociales (e)</a></td>
<td style="width: 269.422px; height: 46px;"><a href="https://stage.dst.deutsche-schule.eu/wp-content/uploads/2016/04/Arbeitsplan-Sport_2010.pdf" rel="noopener noreferrer">Deporte</a></td>
</tr>
<tr style="height: 46px;">
<td style="width: 221.391px; height: 46px;"><a href="https://stage.dst.deutsche-schule.eu/wp-content/uploads/2016/04/Arbeitsplan-SpaF_3_4_2016.pdf" rel="noopener noreferrer">IPS 3-4</a></td>
<td style="width: 404.188px; height: 46px;"><a href="https://stage.dst.deutsche-schule.eu/wp-content/uploads/2016/04/Arbeitsplan-Ethik_2011.pdf" rel="noopener noreferrer">Ética</a></td>
<td style="width: 269.422px; height: 46px;"></td>
</tr>
<tr style="height: 46px;">
<td style="width: 221.391px; height: 46px;"><a href="https://stage.dst.deutsche-schule.eu/wp-content/uploads/2016/04/Arbeitsplan-Englisch_2010.pdf" rel="noopener noreferrer">Inglés</a></td>
<td style="width: 404.188px; height: 46px;">Religión</td>
<td style="width: 269.422px; height: 46px;"></td>
</tr>
<tr style="height: 46px;">
<td style="width: 895px; height: 46px;" colspan="3"><a href="http://www.schulportal-thueringen.de/lehrplaene/grundschule" target="_blank" rel="noopener noreferrer">Plan de estudios del estado de Turingia</a></td>
</tr>
</tbody>
</table>
<p>&nbsp;</p>
<p>&nbsp;</p>
