{"id":43978,"date":"2016-06-02T21:39:19","date_gmt":"2016-06-02T21:39:19","guid":{"rendered":"https:\/\/stage.dst.deutsche-schule.eu\/?page_id=43978"},"modified":"2021-08-06T19:08:42","modified_gmt":"2021-08-06T19:08:42","slug":"filosofia","status":"publish","type":"page","link":"https:\/\/staging.dst.deutsche-schule.eu\/es\/secundaria-y-bachilerato\/asignaturas-secundaria\/filosofia\/","title":{"rendered":"Filosof\u00eda"},"content":{"rendered":"<p>Filosof\u00eda en alem\u00e1n es desde 2016 una asignatura obligatoria para todos los alumnos a partir de la clase 10. De esta manera, los alumnos tienen la opci\u00f3n de elegir Filosof\u00eda como asignatura de cualificaci\u00f3n para el Abitur.<\/p>\n<p><strong>Filosof\u00eda en la clase 10<\/strong><\/p>\n<p><strong>Objetivos:<\/strong> Los alumnos<\/p>\n<ul>\n<li>formulan reconocimiento del otro como base de una sociedad diversa y aplican esto en nuevos encuentros,<\/li>\n<li>se ponen en el lugar de personas de diferentes culturas y argumentan desde esa perspectiva externa,<\/li>\n<li>reconocen la cooperaci\u00f3n como un principio del mundo del trabajo y de la ciencia,<\/li>\n<li>aceptan desde un punto de vista cr\u00edtica los motivos y los objetivos de los dem\u00e1s,<\/li>\n<li>desarrollan una conciencia de las propias capacidades y la expresan de manera simb\u00f3lica,<\/li>\n<li>desarrollan en caso de emociones fuertes un punto de vista racional para tomar una decisi\u00f3n responsable,<\/li>\n<li>eval\u00faan situaciones complejas y ejemplos de casos para discutirlos,<\/li>\n<li>rexlexionan y se anticipan a roles sociales y los reflejan de manera aut\u00e9ntica,<\/li>\n<li>toman decisiones argumentadas sobre libertad y responsabilidad,<\/li>\n<li>argumentan respuestas de la filosof\u00eda sobre una vida con significado y encuentran respuestas propias razonadas.<\/li>\n<\/ul>\n<p><strong>Se tratan los siguientes temas:<\/strong><\/p>\n<ul>\n<li>Introducci\u00f3n a la Filosof\u00eda<\/li>\n<li>Vocabulario Filosof\u00eda<\/li>\n<li>Disciplinas<\/li>\n<li>\u00c9pocas<\/li>\n<li>M\u00e9todos<\/li>\n<li>Pregunta sobre uno mismo<\/li>\n<li>Libertad y falta de libertad<\/li>\n<li>Cuerpo y alma<\/li>\n<li>Pregunta sobre los dem\u00e1s<\/li>\n<li>Comportamiento de roles y grupos<\/li>\n<li>Interculturalidad<\/li>\n<li>Pregunta sobre naturaleza, cultura y t\u00e9cnica<\/li>\n<li>Ciencia y responsabilidad<\/li>\n<li>Ecolog\u00eda versus econom\u00eda<\/li>\n<li>Pregunta sobre el origen, futuro y sentido<\/li>\n<li>Vida y muerte<\/li>\n<\/ul>\n<p><strong>Filosof\u00eda en la clase 11<\/strong><\/p>\n<p><strong>Objetivos:<\/strong><\/p>\n<p>Los alumnos saben<\/p>\n<ul>\n<li>reflejar la importancia de los medios y las t\u00e9cnicas culturales de los medios y dar forma conscientemente a su propio comportamiento medi\u00e1tico,<\/li>\n<li>reflejar un comportamiento responsable en la sociedad y discutir los valores subyacentes,<\/li>\n<li>articular la evaluaci\u00f3n de los sentimientos como socialmente condicionados y discutir alternativas,<\/li>\n<li>discutir ejemplos de valent\u00eda moral con respecto a sus motivos,<\/li>\n<li>reconocer las posibilidades de manipulaci\u00f3n y cuestionar las ofertas pseudocient\u00edficas,<\/li>\n<li>establecer la limitaci\u00f3n del conocimiento humano y derivar las consecuencias para el pensamiento y el actuar del individuo y de la humanidad,<\/li>\n<li>reflejar la b\u00fasqueda de la verdad como tarea inmanente del ser humano,<\/li>\n<li>comprender y justificar la libertad y el pluralismo como requisito previo para una sociedad democr\u00e1tica,<\/li>\n<li>sacar conclusiones para la vida cotidiana de la discusi\u00f3n sobre la libertad y la determinaci\u00f3n,<\/li>\n<li>reflejar una acci\u00f3n responsable en el \u00e1rea de conflicto entre el inter\u00e9s propio y el inter\u00e9s com\u00fan,<\/li>\n<li>reflexionar sobre los valores propios y ajenos, as\u00ed como desarrollar perspectivas de acci\u00f3n y comprobar su idoneidad<\/li>\n<\/ul>\n<p><strong>Se tratan los siguientes temas:<\/strong><\/p>\n<ul>\n<li>La pregunta del Derecho y del Estado<\/li>\n<li>Sociedad y paz<\/li>\n<li>Mundo del trabajo y econom\u00eda<\/li>\n<li>La pregunta de actuar bien<\/li>\n<li>Decisi\u00f3n y conciencia<\/li>\n<li>Libertad y responsabilidad<\/li>\n<li>Dignidad humana<\/li>\n<li>Derechos humanos<\/li>\n<li>Respeto y justicia<\/li>\n<li>Moral y valores<\/li>\n<li>La pregunta sobre verdad, realidad y comportamiento de los medios<\/li>\n<li>Fuentes del reconocimiento<\/li>\n<li>Prejuicios, juicios, ciencia<\/li>\n<li>Realidad, verdad<\/li>\n<\/ul>\n<p><strong>Filosof\u00eda en la clase 12<\/strong><\/p>\n<p>&nbsp;<\/p>\n<p><strong>Objetivos:\u00a0<\/strong><\/p>\n<p>Los alumnos saben<\/p>\n<ul>\n<li>reflejar y comparar valores de diferentes visiones del mundo y lidiar con ellos con tolerancia,<\/li>\n<li>reflejar aspectos filos\u00f3ficos de las religiones del mundo,<\/li>\n<li>reconocer la b\u00fasqueda de la religiosidad y la trascendencia como una necesidad humana b\u00e1sica,<\/li>\n<li>reflejar la necesidad de tratar de responder a las \u00faltimas preguntas y obtener respeto por otras formas de pensar y de vivir, siempre que sean acordes con los derechos humanos,<\/li>\n<li>articular sus propias respuestas intentadas a la pregunta \u00ab\u00bfQu\u00e9 es una persona?\u00bb y derivar consecuencias para su propia vida responsable en la comunidad.<\/li>\n<\/ul>\n<p><strong>Se tratan los siguientes temas:<\/strong><\/p>\n<ul>\n<li>La pregunta sobre \u00ab\u00bfqu\u00e9 puedo esperar?\u00bb<\/li>\n<li>N\u00facleo de varias religiones<\/li>\n<li>Relaci\u00f3n entre religi\u00f3n y ciencia<\/li>\n<li>Relaci\u00f3n entre religi\u00f3n y pol\u00edtica<\/li>\n<li>La existencia de Dios<\/li>\n<li>Trascendencia<\/li>\n<li>La pregunta sobre \u00ab\u00bfqu\u00e9 es el ser humano?\u00bb<\/li>\n<li>Definici\u00f3n del ser humano<\/li>\n<li>La persona como m\u00e1quina<\/li>\n<li>\u00bfHasta qu\u00e9 punto la persona es un producto del entorno y de la socializaci\u00f3n?<\/li>\n<\/ul>\n","protected":false},"excerpt":{"rendered":"<p>Filosof\u00eda en alem\u00e1n es desde 2016 una asignatura obligatoria para todos los alumnos a partir de [&hellip;]<\/p>\n","protected":false},"author":13,"featured_media":0,"parent":1910,"menu_order":0,"comment_status":"closed","ping_status":"closed","template":"","meta":{"site-sidebar-layout":"default","site-content-layout":"default","ast-site-content-layout":"default","site-content-style":"default","site-sidebar-style":"default","ast-global-header-display":"","ast-banner-title-visibility":"","ast-main-header-display":"","ast-hfb-above-header-display":"","ast-hfb-below-header-display":"","ast-hfb-mobile-header-display":"","site-post-title":"","ast-breadcrumbs-content":"","ast-featured-img":"","footer-sml-layout":"","ast-disable-related-posts":"","theme-transparent-header-meta":"default","adv-header-id-meta":"","stick-header-meta":"default","header-above-stick-meta":"","header-main-stick-meta":"","header-below-stick-meta":"","astra-migrate-meta-layouts":"default","ast-page-background-enabled":"default","ast-page-background-meta":{"desktop":{"background-color":"","background-image":"","background-repeat":"repeat","background-position":"center center","background-size":"auto","background-attachment":"scroll","background-type":"","background-media":"","overlay-type":"","overlay-color":"","overlay-opacity":"","overlay-gradient":""},"tablet":{"background-color":"","background-image":"","background-repeat":"repeat","background-position":"center center","background-size":"auto","background-attachment":"scroll","background-type":"","background-media":"","overlay-type":"","overlay-color":"","overlay-opacity":"","overlay-gradient":""},"mobile":{"background-color":"","background-image":"","background-repeat":"repeat","background-position":"center center","background-size":"auto","background-attachment":"scroll","background-type":"","background-media":"","overlay-type":"","overlay-color":"","overlay-opacity":"","overlay-gradient":""}},"ast-content-background-meta":{"desktop":{"background-color":"var(--ast-global-color-5)","background-image":"","background-repeat":"repeat","background-position":"center center","background-size":"auto","background-attachment":"scroll","background-type":"","background-media":"","overlay-type":"","overlay-color":"","overlay-opacity":"","overlay-gradient":""},"tablet":{"background-color":"var(--ast-global-color-5)","background-image":"","background-repeat":"repeat","background-position":"center center","background-size":"auto","background-attachment":"scroll","background-type":"","background-media":"","overlay-type":"","overlay-color":"","overlay-opacity":"","overlay-gradient":""},"mobile":{"background-color":"var(--ast-global-color-5)","background-image":"","background-repeat":"repeat","background-position":"center center","background-size":"auto","background-attachment":"scroll","background-type":"","background-media":"","overlay-type":"","overlay-color":"","overlay-opacity":"","overlay-gradient":""}},"_jet_sm_ready_style":"","_jet_sm_style":"","_jet_sm_controls_values":"","_jet_sm_fonts_collection":"","_jet_sm_fonts_links":"","footnotes":""},"schlagwortedst":[151],"class_list":["post-43978","page","type-page","status-publish","hentry","schlagwortedst-sidesek"],"_links":{"self":[{"href":"https:\/\/staging.dst.deutsche-schule.eu\/es\/wp-json\/wp\/v2\/pages\/43978","targetHints":{"allow":["GET"]}}],"collection":[{"href":"https:\/\/staging.dst.deutsche-schule.eu\/es\/wp-json\/wp\/v2\/pages"}],"about":[{"href":"https:\/\/staging.dst.deutsche-schule.eu\/es\/wp-json\/wp\/v2\/types\/page"}],"author":[{"embeddable":true,"href":"https:\/\/staging.dst.deutsche-schule.eu\/es\/wp-json\/wp\/v2\/users\/13"}],"replies":[{"embeddable":true,"href":"https:\/\/staging.dst.deutsche-schule.eu\/es\/wp-json\/wp\/v2\/comments?post=43978"}],"version-history":[{"count":3,"href":"https:\/\/staging.dst.deutsche-schule.eu\/es\/wp-json\/wp\/v2\/pages\/43978\/revisions"}],"predecessor-version":[{"id":44337,"href":"https:\/\/staging.dst.deutsche-schule.eu\/es\/wp-json\/wp\/v2\/pages\/43978\/revisions\/44337"}],"up":[{"embeddable":true,"href":"https:\/\/staging.dst.deutsche-schule.eu\/es\/wp-json\/wp\/v2\/pages\/1910"}],"wp:attachment":[{"href":"https:\/\/staging.dst.deutsche-schule.eu\/es\/wp-json\/wp\/v2\/media?parent=43978"}],"wp:term":[{"taxonomy":"schlagwortedst","embeddable":true,"href":"https:\/\/staging.dst.deutsche-schule.eu\/es\/wp-json\/wp\/v2\/schlagwortedst?post=43978"}],"curies":[{"name":"wp","href":"https:\/\/api.w.org\/{rel}","templated":true}]}}

Filosofía

<p>Filosofía en alemán es desde 2016 una asignatura obligatoria para todos los alumnos a partir de la clase 10. De esta manera, los alumnos tienen la opción de elegir Filosofía como asignatura de cualificación para el Abitur.</p>
<p><strong>Filosofía en la clase 10</strong></p>
<p><strong>Objetivos:</strong> Los alumnos</p>
<ul>
<li>formulan reconocimiento del otro como base de una sociedad diversa y aplican esto en nuevos encuentros,</li>
<li>se ponen en el lugar de personas de diferentes culturas y argumentan desde esa perspectiva externa,</li>
<li>reconocen la cooperación como un principio del mundo del trabajo y de la ciencia,</li>
<li>aceptan desde un punto de vista crítica los motivos y los objetivos de los demás,</li>
<li>desarrollan una conciencia de las propias capacidades y la expresan de manera simbólica,</li>
<li>desarrollan en caso de emociones fuertes un punto de vista racional para tomar una decisión responsable,</li>
<li>evalúan situaciones complejas y ejemplos de casos para discutirlos,</li>
<li>rexlexionan y se anticipan a roles sociales y los reflejan de manera auténtica,</li>
<li>toman decisiones argumentadas sobre libertad y responsabilidad,</li>
<li>argumentan respuestas de la filosofía sobre una vida con significado y encuentran respuestas propias razonadas.</li>
</ul>
<p><strong>Se tratan los siguientes temas:</strong></p>
<ul>
<li>Introducción a la Filosofía</li>
<li>Vocabulario Filosofía</li>
<li>Disciplinas</li>
<li>Épocas</li>
<li>Métodos</li>
<li>Pregunta sobre uno mismo</li>
<li>Libertad y falta de libertad</li>
<li>Cuerpo y alma</li>
<li>Pregunta sobre los demás</li>
<li>Comportamiento de roles y grupos</li>
<li>Interculturalidad</li>
<li>Pregunta sobre naturaleza, cultura y técnica</li>
<li>Ciencia y responsabilidad</li>
<li>Ecología versus economía</li>
<li>Pregunta sobre el origen, futuro y sentido</li>
<li>Vida y muerte</li>
</ul>
<p><strong>Filosofía en la clase 11</strong></p>
<p><strong>Objetivos:</strong></p>
<p>Los alumnos saben</p>
<ul>
<li>reflejar la importancia de los medios y las técnicas culturales de los medios y dar forma conscientemente a su propio comportamiento mediático,</li>
<li>reflejar un comportamiento responsable en la sociedad y discutir los valores subyacentes,</li>
<li>articular la evaluación de los sentimientos como socialmente condicionados y discutir alternativas,</li>
<li>discutir ejemplos de valentía moral con respecto a sus motivos,</li>
<li>reconocer las posibilidades de manipulación y cuestionar las ofertas pseudocientíficas,</li>
<li>establecer la limitación del conocimiento humano y derivar las consecuencias para el pensamiento y el actuar del individuo y de la humanidad,</li>
<li>reflejar la búsqueda de la verdad como tarea inmanente del ser humano,</li>
<li>comprender y justificar la libertad y el pluralismo como requisito previo para una sociedad democrática,</li>
<li>sacar conclusiones para la vida cotidiana de la discusión sobre la libertad y la determinación,</li>
<li>reflejar una acción responsable en el área de conflicto entre el interés propio y el interés común,</li>
<li>reflexionar sobre los valores propios y ajenos, así como desarrollar perspectivas de acción y comprobar su idoneidad</li>
</ul>
<p><strong>Se tratan los siguientes temas:</strong></p>
<ul>
<li>La pregunta del Derecho y del Estado</li>
<li>Sociedad y paz</li>
<li>Mundo del trabajo y economía</li>
<li>La pregunta de actuar bien</li>
<li>Decisión y conciencia</li>
<li>Libertad y responsabilidad</li>
<li>Dignidad humana</li>
<li>Derechos humanos</li>
<li>Respeto y justicia</li>
<li>Moral y valores</li>
<li>La pregunta sobre verdad, realidad y comportamiento de los medios</li>
<li>Fuentes del reconocimiento</li>
<li>Prejuicios, juicios, ciencia</li>
<li>Realidad, verdad</li>
</ul>
<p><strong>Filosofía en la clase 12</strong></p>
<p>&nbsp;</p>
<p><strong>Objetivos: </strong></p>
<p>Los alumnos saben</p>
<ul>
<li>reflejar y comparar valores de diferentes visiones del mundo y lidiar con ellos con tolerancia,</li>
<li>reflejar aspectos filosóficos de las religiones del mundo,</li>
<li>reconocer la búsqueda de la religiosidad y la trascendencia como una necesidad humana básica,</li>
<li>reflejar la necesidad de tratar de responder a las últimas preguntas y obtener respeto por otras formas de pensar y de vivir, siempre que sean acordes con los derechos humanos,</li>
<li>articular sus propias respuestas intentadas a la pregunta «¿Qué es una persona?» y derivar consecuencias para su propia vida responsable en la comunidad.</li>
</ul>
<p><strong>Se tratan los siguientes temas:</strong></p>
<ul>
<li>La pregunta sobre «¿qué puedo esperar?»</li>
<li>Núcleo de varias religiones</li>
<li>Relación entre religión y ciencia</li>
<li>Relación entre religión y política</li>
<li>La existencia de Dios</li>
<li>Trascendencia</li>
<li>La pregunta sobre «¿qué es el ser humano?»</li>
<li>Definición del ser humano</li>
<li>La persona como máquina</li>
<li>¿Hasta qué punto la persona es un producto del entorno y de la socialización?</li>
</ul>

<p>Filosofía en alemán es desde 2016 una asignatura obligatoria para todos los alumnos a partir de [&hellip;]</p>
