{"id":32199,"date":"2020-12-17T08:44:23","date_gmt":"2020-12-17T08:44:23","guid":{"rendered":"https:\/\/stage.dst.deutsche-schule.eu\/?page_id=32199"},"modified":"2021-08-09T12:03:23","modified_gmt":"2021-08-09T12:03:23","slug":"enfermeria-escolar","status":"publish","type":"page","link":"https:\/\/staging.dst.deutsche-schule.eu\/es\/servicios\/instituciones\/enfermeria-escolar\/","title":{"rendered":"Enfermer\u00eda escolar"},"content":{"rendered":"<p style=\"text-align: left;\"><a href=\"https:\/\/stage.dst.deutsche-schule.eu\/wp-content\/uploads\/2020\/12\/270aaa6c-322c-4eba-93f2-11ee82fe9b50.jpg\"><img fetchpriority=\"high\" decoding=\"async\" class=\"alignright wp-image-32223 size-dst-hochformat-300\" src=\"https:\/\/stage.dst.deutsche-schule.eu\/wp-content\/uploads\/2020\/12\/270aaa6c-322c-4eba-93f2-11ee82fe9b50-320x427.jpg\" alt=\"\" width=\"320\" height=\"427\" srcset=\"https:\/\/staging.dst.deutsche-schule.eu\/wp-content\/uploads\/2020\/12\/270aaa6c-322c-4eba-93f2-11ee82fe9b50-320x427.jpg 320w, https:\/\/staging.dst.deutsche-schule.eu\/wp-content\/uploads\/2020\/12\/270aaa6c-322c-4eba-93f2-11ee82fe9b50-420x560.jpg 420w, https:\/\/staging.dst.deutsche-schule.eu\/wp-content\/uploads\/2020\/12\/270aaa6c-322c-4eba-93f2-11ee82fe9b50-540x720.jpg 540w, https:\/\/staging.dst.deutsche-schule.eu\/wp-content\/uploads\/2020\/12\/270aaa6c-322c-4eba-93f2-11ee82fe9b50.jpg 768w\" sizes=\"(max-width: 320px) 100vw, 320px\" \/><\/a>El Colegio Alem\u00e1n Santa Cruz de Tenerife cuenta con un\u00a0servicio de Enfermer\u00eda\u00a0Escolargestionado por RedVital Salud, empresa especializada en salud escolar.<br \/>\nEl\u00a0enfermero Daniel Gonz\u00e1lez P\u00e9rez est\u00e1 presente durante toda la jornada lectiva. El colegio dispone de una enfermer\u00eda totalmente equipada para una\u00a0atenci\u00f3n asistencial inmediata segura y de calidad. Tambi\u00e9n se llevar\u00e1n a cabo programas de\u00a0educaci\u00f3n para la salud donde los alumnos podr\u00e1n adquirir conocimientos y h\u00e1bitos\u00a0saludables en todas las etapas educativas y el personal del colegio recibir\u00e1 formaciones en el\u00a0\u00e1rea de la salud y prevenci\u00f3n.<\/p>\n<p style=\"text-align: center;\"><a href=\"https:\/\/www.enfermeria.redvitalsalud.com\/index.php\/user_padres\/login\">Enlace: acceso para las familias.<\/a><\/p>\n<p style=\"text-align: left;\"><strong>Informaci\u00f3n actualizada de nuestra enfermer\u00eda:<\/strong><\/p>\n<ul>\n<li style=\"text-align: left;\"><a href=\"https:\/\/stage.dst.deutsche-schule.eu\/wp-content\/uploads\/2020\/12\/2021-Enfermeria-Escolar-RedVital-Salud-Presentaci\u00f3n-inicial-padres-1.pdf\">Presentaci\u00f3n de la enfermeria escolar.<\/a><\/li>\n<li style=\"text-align: left;\"><a href=\"https:\/\/stage.dst.deutsche-schule.eu\/wp-content\/uploads\/2020\/12\/4.-RedVital-Salud-ALERGIAS-ALIMENTARIAS-EN-NAVIDAD-esp.pdf\">Alergias alimentarias<\/a>.<\/li>\n<li style=\"text-align: left;\"><a href=\"https:\/\/stage.dst.deutsche-schule.eu\/wp-content\/uploads\/2020\/12\/3.-RedVital-Salud-ATRAGANTAMIENTOS-esp.pdf\">Atragantamientos<\/a>.<\/li>\n<li style=\"text-align: left;\"><a href=\"https:\/\/stage.dst.deutsche-schule.eu\/wp-content\/uploads\/2020\/12\/2.-RedVital-Salud-GRIPE-Y-COVID-esp.pdf\">Grippe y covid<\/a>.<\/li>\n<li style=\"text-align: left;\"><a href=\"https:\/\/stage.dst.deutsche-schule.eu\/wp-content\/uploads\/2020\/12\/1.-RedVital-Salud-PREVENCION-DE-CONTAGIOS-esp.pdf\">Prevenci\u00f3n de contagios.<\/a><\/li>\n<li style=\"text-align: left;\"><a href=\"https:\/\/stage.dst.deutsche-schule.eu\/wp-content\/uploads\/2021\/03\/Dolor-de-cabeza..pdf\" target=\"_blank\" rel=\"noopener\">Dolor de cabeza.<\/a><\/li>\n<li><a href=\"https:\/\/stage.dst.deutsche-schule.eu\/wp-content\/uploads\/2021\/06\/Comunicacion-mensual-Picaduras-mayo.pdf\">Picaduras<\/a>.<\/li>\n<li><a href=\"https:\/\/stage.dst.deutsche-schule.eu\/wp-content\/uploads\/2021\/06\/Comunicacion-mensual-ACNE-junio.pdf\">Acn\u00e9 en la pubertad.\u00a0<\/a><\/li>\n<\/ul>\n<p style=\"text-align: justify;\"><img decoding=\"async\" class=\"alignnone size-medium wp-image-32219\" src=\"https:\/\/stage.dst.deutsche-schule.eu\/wp-content\/uploads\/2020\/12\/17A26B80-FB01-4014-B6F1-D2E01E5DAC5D-1140x641.jpg\" alt=\"\" width=\"1140\" height=\"641\" \/><\/p>\n<p style=\"text-align: justify;\">\n","protected":false},"excerpt":{"rendered":"<p>El Colegio Alem\u00e1n Santa Cruz de Tenerife cuenta con un\u00a0servicio de Enfermer\u00eda\u00a0Escolargestionado por RedVital Salud, empresa [&hellip;]<\/p>\n","protected":false},"author":13,"featured_media":32224,"parent":1944,"menu_order":4,"comment_status":"closed","ping_status":"closed","template":"","meta":{"site-sidebar-layout":"default","site-content-layout":"default","ast-site-content-layout":"default","site-content-style":"default","site-sidebar-style":"default","ast-global-header-display":"","ast-banner-title-visibility":"","ast-main-header-display":"","ast-hfb-above-header-display":"","ast-hfb-below-header-display":"","ast-hfb-mobile-header-display":"","site-post-title":"","ast-breadcrumbs-content":"","ast-featured-img":"","footer-sml-layout":"","ast-disable-related-posts":"","theme-transparent-header-meta":"default","adv-header-id-meta":"","stick-header-meta":"default","header-above-stick-meta":"","header-main-stick-meta":"","header-below-stick-meta":"","astra-migrate-meta-layouts":"default","ast-page-background-enabled":"default","ast-page-background-meta":{"desktop":{"background-color":"","background-image":"","background-repeat":"repeat","background-position":"center center","background-size":"auto","background-attachment":"scroll","background-type":"","background-media":"","overlay-type":"","overlay-color":"","overlay-opacity":"","overlay-gradient":""},"tablet":{"background-color":"","background-image":"","background-repeat":"repeat","background-position":"center center","background-size":"auto","background-attachment":"scroll","background-type":"","background-media":"","overlay-type":"","overlay-color":"","overlay-opacity":"","overlay-gradient":""},"mobile":{"background-color":"","background-image":"","background-repeat":"repeat","background-position":"center center","background-size":"auto","background-attachment":"scroll","background-type":"","background-media":"","overlay-type":"","overlay-color":"","overlay-opacity":"","overlay-gradient":""}},"ast-content-background-meta":{"desktop":{"background-color":"var(--ast-global-color-5)","background-image":"","background-repeat":"repeat","background-position":"center center","background-size":"auto","background-attachment":"scroll","background-type":"","background-media":"","overlay-type":"","overlay-color":"","overlay-opacity":"","overlay-gradient":""},"tablet":{"background-color":"var(--ast-global-color-5)","background-image":"","background-repeat":"repeat","background-position":"center center","background-size":"auto","background-attachment":"scroll","background-type":"","background-media":"","overlay-type":"","overlay-color":"","overlay-opacity":"","overlay-gradient":""},"mobile":{"background-color":"var(--ast-global-color-5)","background-image":"","background-repeat":"repeat","background-position":"center center","background-size":"auto","background-attachment":"scroll","background-type":"","background-media":"","overlay-type":"","overlay-color":"","overlay-opacity":"","overlay-gradient":""}},"_jet_sm_ready_style":"","_jet_sm_style":"","_jet_sm_controls_values":"","_jet_sm_fonts_collection":"","_jet_sm_fonts_links":"","footnotes":""},"schlagwortedst":[152],"class_list":["post-32199","page","type-page","status-publish","has-post-thumbnail","hentry","schlagwortedst-sideservice"],"_links":{"self":[{"href":"https:\/\/staging.dst.deutsche-schule.eu\/es\/wp-json\/wp\/v2\/pages\/32199","targetHints":{"allow":["GET"]}}],"collection":[{"href":"https:\/\/staging.dst.deutsche-schule.eu\/es\/wp-json\/wp\/v2\/pages"}],"about":[{"href":"https:\/\/staging.dst.deutsche-schule.eu\/es\/wp-json\/wp\/v2\/types\/page"}],"author":[{"embeddable":true,"href":"https:\/\/staging.dst.deutsche-schule.eu\/es\/wp-json\/wp\/v2\/users\/13"}],"replies":[{"embeddable":true,"href":"https:\/\/staging.dst.deutsche-schule.eu\/es\/wp-json\/wp\/v2\/comments?post=32199"}],"version-history":[{"count":2,"href":"https:\/\/staging.dst.deutsche-schule.eu\/es\/wp-json\/wp\/v2\/pages\/32199\/revisions"}],"predecessor-version":[{"id":42610,"href":"https:\/\/staging.dst.deutsche-schule.eu\/es\/wp-json\/wp\/v2\/pages\/32199\/revisions\/42610"}],"up":[{"embeddable":true,"href":"https:\/\/staging.dst.deutsche-schule.eu\/es\/wp-json\/wp\/v2\/pages\/1944"}],"wp:featuredmedia":[{"embeddable":true,"href":"https:\/\/staging.dst.deutsche-schule.eu\/es\/wp-json\/wp\/v2\/media\/32224"}],"wp:attachment":[{"href":"https:\/\/staging.dst.deutsche-schule.eu\/es\/wp-json\/wp\/v2\/media?parent=32199"}],"wp:term":[{"taxonomy":"schlagwortedst","embeddable":true,"href":"https:\/\/staging.dst.deutsche-schule.eu\/es\/wp-json\/wp\/v2\/schlagwortedst?post=32199"}],"curies":[{"name":"wp","href":"https:\/\/api.w.org\/{rel}","templated":true}]}}

Enfermería escolar

<p style="text-align: left;"><a href="https://stage.dst.deutsche-schule.eu/wp-content/uploads/2020/12/270aaa6c-322c-4eba-93f2-11ee82fe9b50.jpg"><img fetchpriority="high" decoding="async" class="alignright wp-image-32223 size-dst-hochformat-300" src="https://stage.dst.deutsche-schule.eu/wp-content/uploads/2020/12/270aaa6c-322c-4eba-93f2-11ee82fe9b50-320x427.jpg" alt="" width="320" height="427" srcset="https://staging.dst.deutsche-schule.eu/wp-content/uploads/2020/12/270aaa6c-322c-4eba-93f2-11ee82fe9b50-320x427.jpg 320w, https://staging.dst.deutsche-schule.eu/wp-content/uploads/2020/12/270aaa6c-322c-4eba-93f2-11ee82fe9b50-420x560.jpg 420w, https://staging.dst.deutsche-schule.eu/wp-content/uploads/2020/12/270aaa6c-322c-4eba-93f2-11ee82fe9b50-540x720.jpg 540w, https://staging.dst.deutsche-schule.eu/wp-content/uploads/2020/12/270aaa6c-322c-4eba-93f2-11ee82fe9b50.jpg 768w" sizes="(max-width: 320px) 100vw, 320px" /></a>El Colegio Alemán Santa Cruz de Tenerife cuenta con un servicio de Enfermería Escolargestionado por RedVital Salud, empresa especializada en salud escolar.<br />
El enfermero Daniel González Pérez está presente durante toda la jornada lectiva. El colegio dispone de una enfermería totalmente equipada para una atención asistencial inmediata segura y de calidad. También se llevarán a cabo programas de educación para la salud donde los alumnos podrán adquirir conocimientos y hábitos saludables en todas las etapas educativas y el personal del colegio recibirá formaciones en el área de la salud y prevención.</p>
<p style="text-align: center;"><a href="https://www.enfermeria.redvitalsalud.com/index.php/user_padres/login">Enlace: acceso para las familias.</a></p>
<p style="text-align: left;"><strong>Información actualizada de nuestra enfermería:</strong></p>
<ul>
<li style="text-align: left;"><a href="https://stage.dst.deutsche-schule.eu/wp-content/uploads/2020/12/2021-Enfermeria-Escolar-RedVital-Salud-Presentación-inicial-padres-1.pdf">Presentación de la enfermeria escolar.</a></li>
<li style="text-align: left;"><a href="https://stage.dst.deutsche-schule.eu/wp-content/uploads/2020/12/4.-RedVital-Salud-ALERGIAS-ALIMENTARIAS-EN-NAVIDAD-esp.pdf">Alergias alimentarias</a>.</li>
<li style="text-align: left;"><a href="https://stage.dst.deutsche-schule.eu/wp-content/uploads/2020/12/3.-RedVital-Salud-ATRAGANTAMIENTOS-esp.pdf">Atragantamientos</a>.</li>
<li style="text-align: left;"><a href="https://stage.dst.deutsche-schule.eu/wp-content/uploads/2020/12/2.-RedVital-Salud-GRIPE-Y-COVID-esp.pdf">Grippe y covid</a>.</li>
<li style="text-align: left;"><a href="https://stage.dst.deutsche-schule.eu/wp-content/uploads/2020/12/1.-RedVital-Salud-PREVENCION-DE-CONTAGIOS-esp.pdf">Prevención de contagios.</a></li>
<li style="text-align: left;"><a href="https://stage.dst.deutsche-schule.eu/wp-content/uploads/2021/03/Dolor-de-cabeza..pdf" target="_blank" rel="noopener">Dolor de cabeza.</a></li>
<li><a href="https://stage.dst.deutsche-schule.eu/wp-content/uploads/2021/06/Comunicacion-mensual-Picaduras-mayo.pdf">Picaduras</a>.</li>
<li><a href="https://stage.dst.deutsche-schule.eu/wp-content/uploads/2021/06/Comunicacion-mensual-ACNE-junio.pdf">Acné en la pubertad. </a></li>
</ul>
<p style="text-align: justify;"><img decoding="async" class="alignnone size-medium wp-image-32219" src="https://stage.dst.deutsche-schule.eu/wp-content/uploads/2020/12/17A26B80-FB01-4014-B6F1-D2E01E5DAC5D-1140x641.jpg" alt="" width="1140" height="641" /></p>
<p style="text-align: justify;">

<p>El Colegio Alemán Santa Cruz de Tenerife cuenta con un servicio de Enfermería Escolargestionado por RedVital Salud, empresa [&hellip;]</p>
