{"id":1928,"date":"2015-04-25T21:51:36","date_gmt":"2015-04-25T21:51:36","guid":{"rendered":"http:\/\/dstenerife.ducklingit.com\/?page_id=1928"},"modified":"2021-08-08T20:27:02","modified_gmt":"2021-08-08T20:27:02","slug":"comite-de-los-alumnos","status":"publish","type":"page","link":"https:\/\/staging.dst.deutsche-schule.eu\/es\/colegio\/comites-del-colegio\/comite-de-los-alumnos\/","title":{"rendered":"Representantes de alumnos"},"content":{"rendered":"\t\t<div data-elementor-type=\"wp-page\" data-elementor-id=\"1928\" class=\"elementor elementor-1928 elementor-635\" data-elementor-post-type=\"page\">\n\t\t\t\t\t\t<section class=\"elementor-section elementor-top-section elementor-element elementor-element-5102c7c4 elementor-section-boxed elementor-section-height-default elementor-section-height-default\" data-id=\"5102c7c4\" data-element_type=\"section\" data-settings=\"{&quot;_ob_glider_is_slider&quot;:&quot;no&quot;}\">\n\t\t\t\t\t\t<div class=\"elementor-container elementor-column-gap-default\">\n\t\t\t\t\t<div class=\"elementor-column elementor-col-100 elementor-top-column elementor-element elementor-element-6ba5cd52\" data-id=\"6ba5cd52\" data-element_type=\"column\">\n\t\t\t<div class=\"elementor-widget-wrap elementor-element-populated\">\n\t\t\t\t\t\t<div class=\"elementor-element elementor-element-7b7cb3f7 elementor-widget elementor-widget-text-editor\" data-id=\"7b7cb3f7\" data-element_type=\"widget\" data-settings=\"{&quot;_ob_postman_use&quot;:&quot;no&quot;,&quot;_ob_widget_stalker_use&quot;:&quot;no&quot;,&quot;_ob_shadough_use&quot;:&quot;no&quot;}\" data-widget_type=\"text-editor.default\">\n\t\t\t\t<div class=\"elementor-widget-container\">\n\t\t\t\t\t\t\t\t\t<p>Marcos Oliva (11B) y Helene Baaden (11B) son los representantes de alumnos para el curso 2020-2021.<\/p><p>Estatutos de los representantes de alumnos:<\/p><p><a href=\"https:\/\/staging.dst.deutsche-schule.eu\/wp-content\/uploads\/2015\/04\/Satzung-der-Sch%C3%BClervertretung-DST-2016.pdf\" class=\"pdfemb-viewer\" style=\"width:500px;\" data-width=\"500\" data-height=\"max\" data-toolbar=\"bottom\" data-toolbar-fixed=\"on\">Satzung-der-Sch%C3%BClervertretung-DST-2016<\/a><\/p><p>Cada a\u00f1o, los aspirantes a representantes de alumnos exponen su candidatura ante los alumnos del colegio en el sal\u00f3n de actos. Para ello, no solo se presentan, sino que defienden sus objetivos en caso de ser elegidos. Tras la votaci\u00f3n, bajo la direcci\u00f3n del profesor de confianza y el representante saliente, el ganador (o ganadores) asume el cargo por un curso escolar. Es frecuente que los representantes de alumnos se presenten (y ejerzan el cargo) como equipo.\u00a0<\/p>\t\t\t\t\t\t\t\t<\/div>\n\t\t\t\t<\/div>\n\t\t\t\t\t<\/div>\n\t\t<\/div>\n\t\t\t\t\t<\/div>\n\t\t<\/section>\n\t\t\t\t<\/div>\n\t\t","protected":false},"excerpt":{"rendered":"<p>Marcos Oliva (11B) y Helene Baaden (11B) son los representantes de alumnos para el curso 2020-2021. [&hellip;]<\/p>\n","protected":false},"author":10,"featured_media":42988,"parent":1913,"menu_order":9,"comment_status":"closed","ping_status":"closed","template":"","meta":{"site-sidebar-layout":"default","site-content-layout":"default","ast-site-content-layout":"default","site-content-style":"default","site-sidebar-style":"default","ast-global-header-display":"","ast-banner-title-visibility":"","ast-main-header-display":"","ast-hfb-above-header-display":"","ast-hfb-below-header-display":"","ast-hfb-mobile-header-display":"","site-post-title":"","ast-breadcrumbs-content":"","ast-featured-img":"","footer-sml-layout":"","ast-disable-related-posts":"","theme-transparent-header-meta":"default","adv-header-id-meta":"","stick-header-meta":"default","header-above-stick-meta":"","header-main-stick-meta":"","header-below-stick-meta":"","astra-migrate-meta-layouts":"default","ast-page-background-enabled":"default","ast-page-background-meta":{"desktop":{"background-color":"","background-image":"","background-repeat":"repeat","background-position":"center center","background-size":"auto","background-attachment":"scroll","background-type":"","background-media":"","overlay-type":"","overlay-color":"","overlay-opacity":"","overlay-gradient":""},"tablet":{"background-color":"","background-image":"","background-repeat":"repeat","background-position":"center center","background-size":"auto","background-attachment":"scroll","background-type":"","background-media":"","overlay-type":"","overlay-color":"","overlay-opacity":"","overlay-gradient":""},"mobile":{"background-color":"","background-image":"","background-repeat":"repeat","background-position":"center center","background-size":"auto","background-attachment":"scroll","background-type":"","background-media":"","overlay-type":"","overlay-color":"","overlay-opacity":"","overlay-gradient":""}},"ast-content-background-meta":{"desktop":{"background-color":"var(--ast-global-color-5)","background-image":"","background-repeat":"repeat","background-position":"center center","background-size":"auto","background-attachment":"scroll","background-type":"","background-media":"","overlay-type":"","overlay-color":"","overlay-opacity":"","overlay-gradient":""},"tablet":{"background-color":"var(--ast-global-color-5)","background-image":"","background-repeat":"repeat","background-position":"center center","background-size":"auto","background-attachment":"scroll","background-type":"","background-media":"","overlay-type":"","overlay-color":"","overlay-opacity":"","overlay-gradient":""},"mobile":{"background-color":"var(--ast-global-color-5)","background-image":"","background-repeat":"repeat","background-position":"center center","background-size":"auto","background-attachment":"scroll","background-type":"","background-media":"","overlay-type":"","overlay-color":"","overlay-opacity":"","overlay-gradient":""}},"_jet_sm_ready_style":"","_jet_sm_style":"","_jet_sm_controls_values":"","_jet_sm_fonts_collection":"","_jet_sm_fonts_links":"","footnotes":""},"schlagwortedst":[153],"class_list":["post-1928","page","type-page","status-publish","has-post-thumbnail","hentry","schlagwortedst-sideschule"],"_links":{"self":[{"href":"https:\/\/staging.dst.deutsche-schule.eu\/es\/wp-json\/wp\/v2\/pages\/1928","targetHints":{"allow":["GET"]}}],"collection":[{"href":"https:\/\/staging.dst.deutsche-schule.eu\/es\/wp-json\/wp\/v2\/pages"}],"about":[{"href":"https:\/\/staging.dst.deutsche-schule.eu\/es\/wp-json\/wp\/v2\/types\/page"}],"author":[{"embeddable":true,"href":"https:\/\/staging.dst.deutsche-schule.eu\/es\/wp-json\/wp\/v2\/users\/10"}],"replies":[{"embeddable":true,"href":"https:\/\/staging.dst.deutsche-schule.eu\/es\/wp-json\/wp\/v2\/comments?post=1928"}],"version-history":[{"count":20,"href":"https:\/\/staging.dst.deutsche-schule.eu\/es\/wp-json\/wp\/v2\/pages\/1928\/revisions"}],"predecessor-version":[{"id":44829,"href":"https:\/\/staging.dst.deutsche-schule.eu\/es\/wp-json\/wp\/v2\/pages\/1928\/revisions\/44829"}],"up":[{"embeddable":true,"href":"https:\/\/staging.dst.deutsche-schule.eu\/es\/wp-json\/wp\/v2\/pages\/1913"}],"wp:featuredmedia":[{"embeddable":true,"href":"https:\/\/staging.dst.deutsche-schule.eu\/es\/wp-json\/wp\/v2\/media\/42988"}],"wp:attachment":[{"href":"https:\/\/staging.dst.deutsche-schule.eu\/es\/wp-json\/wp\/v2\/media?parent=1928"}],"wp:term":[{"taxonomy":"schlagwortedst","embeddable":true,"href":"https:\/\/staging.dst.deutsche-schule.eu\/es\/wp-json\/wp\/v2\/schlagwortedst?post=1928"}],"curies":[{"name":"wp","href":"https:\/\/api.w.org\/{rel}","templated":true}]}}

<div data-elementor-type="wp-page" data-elementor-id="1928" class="elementor elementor-1928 elementor-635" data-elementor-post-type="page">
						<section class="elementor-section elementor-top-section elementor-element elementor-element-5102c7c4 elementor-section-boxed elementor-section-height-default elementor-section-height-default" data-id="5102c7c4" data-element_type="section" data-settings="{&quot;_ob_glider_is_slider&quot;:&quot;no&quot;}">
						<div class="elementor-container elementor-column-gap-default">
					<div class="elementor-column elementor-col-100 elementor-top-column elementor-element elementor-element-6ba5cd52" data-id="6ba5cd52" data-element_type="column">
			<div class="elementor-widget-wrap elementor-element-populated">
						<div class="elementor-element elementor-element-7b7cb3f7 elementor-widget elementor-widget-text-editor" data-id="7b7cb3f7" data-element_type="widget" data-settings="{&quot;_ob_postman_use&quot;:&quot;no&quot;,&quot;_ob_widget_stalker_use&quot;:&quot;no&quot;,&quot;_ob_shadough_use&quot;:&quot;no&quot;}" data-widget_type="text-editor.default">
				<div class="elementor-widget-container">
									<p>Marcos Oliva (11B) y Helene Baaden (11B) son los representantes de alumnos para el curso 2020-2021.</p><p>Estatutos de los representantes de alumnos:</p><p><a href="https://staging.dst.deutsche-schule.eu/wp-content/uploads/2015/04/Satzung-der-Sch%C3%BClervertretung-DST-2016.pdf" class="pdfemb-viewer" style="width:500px;" data-width="500" data-height="max" data-toolbar="bottom" data-toolbar-fixed="on">Satzung-der-Sch%C3%BClervertretung-DST-2016</a></p><p>Cada año, los aspirantes a representantes de alumnos exponen su candidatura ante los alumnos del colegio en el salón de actos. Para ello, no solo se presentan, sino que defienden sus objetivos en caso de ser elegidos. Tras la votación, bajo la dirección del profesor de confianza y el representante saliente, el ganador (o ganadores) asume el cargo por un curso escolar. Es frecuente que los representantes de alumnos se presenten (y ejerzan el cargo) como equipo. </p>								</div>
				</div>
					</div>
		</div>
					</div>
		</section>
				</div>
