{"id":11933,"date":"2017-09-06T14:44:41","date_gmt":"2017-09-06T14:44:41","guid":{"rendered":"https:\/\/stage.dst.deutsche-schule.eu\/?page_id=11933\/"},"modified":"2018-08-20T14:06:27","modified_gmt":"2018-08-20T14:06:27","slug":"circulares","status":"publish","type":"page","link":"https:\/\/staging.dst.deutsche-schule.eu\/es\/servicios\/circulares\/","title":{"rendered":"Circulares 2017\/2018"},"content":{"rendered":"<p style=\"text-align: left;\"><a href=\"https:\/\/stage.dst.deutsche-schule.eu\/wp-content\/uploads\/2018\/06\/Circular-junio_29062018.pdf\" target=\"_blank\" rel=\"noopener noreferrer\">Circular directora_29.06.2018<\/a><\/p>\n<p style=\"text-align: left;\"><a href=\"https:\/\/stage.dst.deutsche-schule.eu\/wp-content\/uploads\/2018\/06\/Einladung-Elternabend-Juni-2018.pdf\" target=\"_blank\" rel=\"noopener noreferrer\">Reuni\u00f3n de padres Kikri_11.06.2018<\/a><\/p>\n<p style=\"text-align: left;\"><a href=\"https:\/\/stage.dst.deutsche-schule.eu\/wp-content\/uploads\/2018\/06\/B\u00fccher-Schule-gesamt_20182019.pdf\" target=\"_blank\" rel=\"noopener noreferrer\">Libros escolares_08.06.2018<\/a><\/p>\n<p style=\"text-align: left;\"><a href=\"https:\/\/stage.dst.deutsche-schule.eu\/wp-content\/uploads\/2018\/06\/Infoschreiben-Sommerkurs.pdf\" target=\"_blank\" rel=\"noopener noreferrer\">Campamento de verano_06.06.2018<\/a><\/p>\n<p style=\"text-align: left;\"><a href=\"https:\/\/stage.dst.deutsche-schule.eu\/wp-content\/uploads\/2018\/06\/EB2Musical_04062018.pdf\" target=\"_blank\" rel=\"noopener noreferrer\">Semana de proyecto Musical_01.06.2018<\/a><\/p>\n<p style=\"text-align: left;\"><a href=\"https:\/\/stage.dst.deutsche-schule.eu\/wp-content\/uploads\/2018\/05\/EB_Exkursionen_Austauschwoche_28052018_dtspan.pdf\" target=\"_blank\" rel=\"noopener noreferrer\">Excursiones durante el intercambio G4_28.05.2018<\/a><\/p>\n<p style=\"text-align: left;\"><a href=\"https:\/\/stage.dst.deutsche-schule.eu\/wp-content\/uploads\/2018\/05\/Dia-de-Canarias.pdf\" target=\"_blank\" rel=\"noopener noreferrer\">D\u00eda de Canarias Primaria_21.05.2018<\/a><\/p>\n<p style=\"text-align: left;\"><a href=\"https:\/\/stage.dst.deutsche-schule.eu\/wp-content\/uploads\/2018\/05\/EB_SommerfestKIGA_2018.pdf\" target=\"_blank\" rel=\"noopener noreferrer\">Fiesta de verano KIGA_18.05.2018<\/a><\/p>\n<p style=\"text-align: left;\"><a href=\"https:\/\/stage.dst.deutsche-schule.eu\/wp-content\/uploads\/2018\/05\/EB_D\u00edadeCanariasKIGA_2018.pdf\" target=\"_blank\" rel=\"noopener noreferrer\">D\u00eda de Canarias KIGA_18.05.2018<\/a><\/p>\n<p style=\"text-align: left;\"><a href=\"https:\/\/stage.dst.deutsche-schule.eu\/wp-content\/uploads\/2018\/05\/EB_InfoEA-KAy-Gonzalez_15052018.pdf\" target=\"_blank\" rel=\"noopener noreferrer\">Reuni\u00f3n informativa Prof. Gonz\u00e1lez_15.05.2018<\/a><\/p>\n<p style=\"text-align: left;\"><a href=\"https:\/\/stage.dst.deutsche-schule.eu\/wp-content\/uploads\/2018\/05\/EB_Vorlesewettbewerb_07052018.pdf\" target=\"_blank\" rel=\"noopener noreferrer\">Concurso de lectura Primaria_07.05.2018<\/a><\/p>\n<p style=\"text-align: left;\"><a href=\"https:\/\/stage.dst.deutsche-schule.eu\/wp-content\/uploads\/2018\/05\/EB_Theater_02052018.pdf\" target=\"_blank\" rel=\"noopener noreferrer\">Visita del teatro Primaria_02.05.2018<\/a><\/p>\n<p style=\"text-align: left;\"><a href=\"https:\/\/stage.dst.deutsche-schule.eu\/wp-content\/uploads\/2018\/05\/Einladung-K3-EA_02052018.pdf\" target=\"_blank\" rel=\"noopener noreferrer\">K3+ reuni\u00f3n de padres_pasos a la Primaria_20.04.2018<\/a><\/p>\n<p style=\"text-align: left;\"><a href=\"https:\/\/stage.dst.deutsche-schule.eu\/wp-content\/uploads\/2018\/03\/EB1ProjektMusicalSpielefest_16032018.pdf\" target=\"_blank\" rel=\"noopener noreferrer\">Fiesta de deporte_Musical_Primaria_16.03.2018<\/a><\/p>\n<p style=\"text-align: left;\"><a href=\"https:\/\/stage.dst.deutsche-schule.eu\/wp-content\/uploads\/2018\/03\/Elterninformation-zur-Sprachfeststellungspr\u00fcfung2018.pdf\" target=\"_blank\" rel=\"noopener noreferrer\">Evaluaci\u00f3n ling\u00fc\u00edstica_15.03.2018<\/a><\/p>\n<p style=\"text-align: left;\"><a href=\"https:\/\/stage.dst.deutsche-schule.eu\/wp-content\/uploads\/2018\/03\/osternspankiga.pdf\" target=\"_blank\" rel=\"noopener noreferrer\">Pascua KIGA_13.03.2018<\/a><\/p>\n<p style=\"text-align: left;\"><a href=\"https:\/\/stage.dst.deutsche-schule.eu\/wp-content\/uploads\/2018\/03\/EBExcursionG2_07032018.pdf\" target=\"_blank\" rel=\"noopener noreferrer\">Excursi\u00f3n G2_07.03.2018<\/a><\/p>\n<p style=\"text-align: left;\"><a href=\"https:\/\/stage.dst.deutsche-schule.eu\/wp-content\/uploads\/2018\/01\/EB_Projektwoche_TdoT_17012018.pdf\" target=\"_blank\" rel=\"noopener noreferrer\">D\u00edas de proyectos y d\u00eda de puertas abiertas Primaria_17.01.2018<\/a><\/p>\n<p style=\"text-align: left;\"><a href=\"https:\/\/stage.dst.deutsche-schule.eu\/wp-content\/uploads\/2018\/01\/Dia-de-Puertas-Abiertas-2018.pdf\" target=\"_blank\" rel=\"noopener noreferrer\">D\u00eda de puerta abiertas_17.01.2018<\/a><\/p>\n<p style=\"text-align: left;\"><a href=\"https:\/\/stage.dst.deutsche-schule.eu\/wp-content\/uploads\/2018\/01\/carta_actividades_2.HJ20172018.pdf\" target=\"_blank\" rel=\"noopener noreferrer\">carta actividades_16.01.2018<\/a><\/p>\n<p style=\"text-align: left;\"><a href=\"https:\/\/stage.dst.deutsche-schule.eu\/wp-content\/uploads\/2017\/12\/Weihnachten-Navidades.pdf\" target=\"_blank\" rel=\"noopener noreferrer\">Navidades_21.12.2017<\/a><\/p>\n<p style=\"text-align: left;\"><a href=\"https:\/\/stage.dst.deutsche-schule.eu\/wp-content\/uploads\/2017\/12\/Spendeaktion-Weihnachten.pdf\" target=\"_blank\" rel=\"noopener noreferrer\">Donaci\u00f3n_13.12.2017<\/a><\/p>\n<p style=\"text-align: left;\"><a href=\"https:\/\/stage.dst.deutsche-schule.eu\/wp-content\/uploads\/2017\/12\/Weihnachtsmarkt-Elterninformation2-\u00dcbersicht.pdf\" target=\"_blank\" rel=\"noopener noreferrer\">Programaci\u00f3n 20.12.\/21.12 plan_13.12.2017<\/a><\/p>\n<p style=\"text-align: left;\"><a href=\"https:\/\/stage.dst.deutsche-schule.eu\/wp-content\/uploads\/2017\/12\/Elternbrief-2-Mercadillo.pdf\" target=\"_blank\" rel=\"noopener noreferrer\">Concierto de navidad y mercadillo carta 2_13.12.2017<\/a><\/p>\n<p style=\"text-align: left;\"><a href=\"https:\/\/stage.dst.deutsche-schule.eu\/wp-content\/uploads\/2017\/11\/Neue-Regelung-Mikrowellen.pdf\" target=\"_blank\" rel=\"noopener noreferrer\">Microondas_27.11.2017<\/a><\/p>\n<p style=\"text-align: left;\"><a href=\"https:\/\/stage.dst.deutsche-schule.eu\/wp-content\/uploads\/2017\/11\/1.Elternabend-Klassen-9-_Einladung_2017_2018.pdf\" target=\"_blank\" rel=\"noopener noreferrer\">Reuni\u00f3n viaje clase 9_24.11.2017<\/a><\/p>\n<p><a href=\"https:\/\/stage.dst.deutsche-schule.eu\/wp-content\/uploads\/2017\/11\/EB_Mensa_08112017.pdf\" target=\"_blank\" rel=\"noopener noreferrer\">Mensa_08.11.2017<\/a><\/p>\n<p><a href=\"https:\/\/stage.dst.deutsche-schule.eu\/wp-content\/uploads\/2017\/11\/EB_Weihnachtsbasteln_07112017.pdf\" target=\"_blank\" rel=\"noopener noreferrer\">Manualidades navidad Primaria_07.11.2017<\/a><\/p>\n<p><a href=\"https:\/\/stage.dst.deutsche-schule.eu\/wp-content\/uploads\/2017\/11\/Einladung-Sankt-Martin-2017.pdf\" target=\"_blank\" rel=\"noopener noreferrer\">I<\/a><a href=\"https:\/\/stage.dst.deutsche-schule.eu\/wp-content\/uploads\/2017\/11\/Einladung-Sankt-Martin-2017.pdf\" target=\"_blank\" rel=\"noopener noreferrer\">nvitaci\u00f3n Sankt Martin_Kindergarten 1_31.10.2017<\/a><\/p>\n<p><a href=\"https:\/\/stage.dst.deutsche-schule.eu\/wp-content\/uploads\/2017\/11\/Elternbrief-Sankt-Martin-20172.pdf\" target=\"_blank\" rel=\"noopener noreferrer\">Invitaci\u00f3n Sankt Martin_Kindergarten 2_31.10.2017<\/a><\/p>\n<p><a href=\"https:\/\/stage.dst.deutsche-schule.eu\/wp-content\/uploads\/2017\/11\/Einladung-erster-Elternabend-Praktikumsreise-Jgst11.pdf\" target=\"_blank\" rel=\"noopener noreferrer\">1\u00b0 reuni\u00f3n viaje de pr\u00e1cticas en Berlin clase 11_29.1<span style=\"color: #ea5644;\">0<\/span>.2017<\/a><\/p>\n<p><a href=\"https:\/\/stage.dst.deutsche-schule.eu\/wp-content\/uploads\/2017\/10\/1-Circular-17-18.pdf\" target=\"_blank\" rel=\"noopener noreferrer\">1\u00aa <\/a><a href=\"https:\/\/stage.dst.deutsche-schule.eu\/wp-content\/uploads\/2017\/10\/1-Circular-17-18.pdf\" target=\"_blank\" rel=\"noopener noreferrer\">Circular_04.10.2017<\/a><\/p>\n<p><a href=\"https:\/\/stage.dst.deutsche-schule.eu\/wp-content\/uploads\/2017\/09\/EB_AGs_28092017.pdf\" target=\"_blank\" rel=\"noopener noreferrer\">actividades_28.09.2017<\/a><\/p>\n<p><a href=\"https:\/\/stage.dst.deutsche-schule.eu\/wp-content\/uploads\/2017\/09\/Mikrowelle.pdf\" target=\"_blank\" rel=\"noopener noreferrer\">microondas_19.09.2017<\/a><\/p>\n<p><a href=\"https:\/\/stage.dst.deutsche-schule.eu\/wp-content\/uploads\/2017\/09\/Einladung-erster-Elternabend-September-27.07.2017.pdf\" target=\"_blank\" rel=\"noopener noreferrer\">1\u00ba reuni\u00f3n Kindergarten_15.09.2017<\/a><\/p>\n<p><a href=\"https:\/\/stage.dst.deutsche-schule.eu\/wp-content\/uploads\/2017\/09\/Einschulung_Elterninfo_8.9._dt_span-3.pdf\" target=\"_blank\" rel=\"noopener noreferrer\">Escolarizaci\u00f3n_05.09.2017<\/a><\/p>\n","protected":false},"excerpt":{"rendered":"<p>Circular directora_29.06.2018 Reuni\u00f3n de padres Kikri_11.06.2018 Libros escolares_08.06.2018 Campamento de verano_06.06.2018 Semana de proyecto Musical_01.06.2018 Excursiones [&hellip;]<\/p>\n","protected":false},"author":10,"featured_media":12678,"parent":1939,"menu_order":15,"comment_status":"closed","ping_status":"closed","template":"","meta":{"site-sidebar-layout":"default","site-content-layout":"","ast-site-content-layout":"default","site-content-style":"default","site-sidebar-style":"default","ast-global-header-display":"","ast-banner-title-visibility":"","ast-main-header-display":"","ast-hfb-above-header-display":"","ast-hfb-below-header-display":"","ast-hfb-mobile-header-display":"","site-post-title":"","ast-breadcrumbs-content":"","ast-featured-img":"","footer-sml-layout":"","ast-disable-related-posts":"","theme-transparent-header-meta":"","adv-header-id-meta":"","stick-header-meta":"","header-above-stick-meta":"","header-main-stick-meta":"","header-below-stick-meta":"","astra-migrate-meta-layouts":"default","ast-page-background-enabled":"default","ast-page-background-meta":{"desktop":{"background-color":"","background-image":"","background-repeat":"repeat","background-position":"center center","background-size":"auto","background-attachment":"scroll","background-type":"","background-media":"","overlay-type":"","overlay-color":"","overlay-opacity":"","overlay-gradient":""},"tablet":{"background-color":"","background-image":"","background-repeat":"repeat","background-position":"center center","background-size":"auto","background-attachment":"scroll","background-type":"","background-media":"","overlay-type":"","overlay-color":"","overlay-opacity":"","overlay-gradient":""},"mobile":{"background-color":"","background-image":"","background-repeat":"repeat","background-position":"center center","background-size":"auto","background-attachment":"scroll","background-type":"","background-media":"","overlay-type":"","overlay-color":"","overlay-opacity":"","overlay-gradient":""}},"ast-content-background-meta":{"desktop":{"background-color":"var(--ast-global-color-5)","background-image":"","background-repeat":"repeat","background-position":"center center","background-size":"auto","background-attachment":"scroll","background-type":"","background-media":"","overlay-type":"","overlay-color":"","overlay-opacity":"","overlay-gradient":""},"tablet":{"background-color":"var(--ast-global-color-5)","background-image":"","background-repeat":"repeat","background-position":"center center","background-size":"auto","background-attachment":"scroll","background-type":"","background-media":"","overlay-type":"","overlay-color":"","overlay-opacity":"","overlay-gradient":""},"mobile":{"background-color":"var(--ast-global-color-5)","background-image":"","background-repeat":"repeat","background-position":"center center","background-size":"auto","background-attachment":"scroll","background-type":"","background-media":"","overlay-type":"","overlay-color":"","overlay-opacity":"","overlay-gradient":""}},"_jet_sm_ready_style":"","_jet_sm_style":"","_jet_sm_controls_values":"","_jet_sm_fonts_collection":"","_jet_sm_fonts_links":"","footnotes":""},"schlagwortedst":[],"class_list":["post-11933","page","type-page","status-publish","has-post-thumbnail","hentry"],"_links":{"self":[{"href":"https:\/\/staging.dst.deutsche-schule.eu\/es\/wp-json\/wp\/v2\/pages\/11933","targetHints":{"allow":["GET"]}}],"collection":[{"href":"https:\/\/staging.dst.deutsche-schule.eu\/es\/wp-json\/wp\/v2\/pages"}],"about":[{"href":"https:\/\/staging.dst.deutsche-schule.eu\/es\/wp-json\/wp\/v2\/types\/page"}],"author":[{"embeddable":true,"href":"https:\/\/staging.dst.deutsche-schule.eu\/es\/wp-json\/wp\/v2\/users\/10"}],"replies":[{"embeddable":true,"href":"https:\/\/staging.dst.deutsche-schule.eu\/es\/wp-json\/wp\/v2\/comments?post=11933"}],"version-history":[{"count":0,"href":"https:\/\/staging.dst.deutsche-schule.eu\/es\/wp-json\/wp\/v2\/pages\/11933\/revisions"}],"up":[{"embeddable":true,"href":"https:\/\/staging.dst.deutsche-schule.eu\/es\/wp-json\/wp\/v2\/pages\/1939"}],"wp:featuredmedia":[{"embeddable":true,"href":"https:\/\/staging.dst.deutsche-schule.eu\/es\/wp-json\/wp\/v2\/media\/12678"}],"wp:attachment":[{"href":"https:\/\/staging.dst.deutsche-schule.eu\/es\/wp-json\/wp\/v2\/media?parent=11933"}],"wp:term":[{"taxonomy":"schlagwortedst","embeddable":true,"href":"https:\/\/staging.dst.deutsche-schule.eu\/es\/wp-json\/wp\/v2\/schlagwortedst?post=11933"}],"curies":[{"name":"wp","href":"https:\/\/api.w.org\/{rel}","templated":true}]}}

<p style="text-align: left;"><a href="https://stage.dst.deutsche-schule.eu/wp-content/uploads/2018/06/Circular-junio_29062018.pdf" target="_blank" rel="noopener noreferrer">Circular directora_29.06.2018</a></p>
<p style="text-align: left;"><a href="https://stage.dst.deutsche-schule.eu/wp-content/uploads/2018/06/Einladung-Elternabend-Juni-2018.pdf" target="_blank" rel="noopener noreferrer">Reunión de padres Kikri_11.06.2018</a></p>
<p style="text-align: left;"><a href="https://stage.dst.deutsche-schule.eu/wp-content/uploads/2018/06/Bücher-Schule-gesamt_20182019.pdf" target="_blank" rel="noopener noreferrer">Libros escolares_08.06.2018</a></p>
<p style="text-align: left;"><a href="https://stage.dst.deutsche-schule.eu/wp-content/uploads/2018/06/Infoschreiben-Sommerkurs.pdf" target="_blank" rel="noopener noreferrer">Campamento de verano_06.06.2018</a></p>
<p style="text-align: left;"><a href="https://stage.dst.deutsche-schule.eu/wp-content/uploads/2018/06/EB2Musical_04062018.pdf" target="_blank" rel="noopener noreferrer">Semana de proyecto Musical_01.06.2018</a></p>
<p style="text-align: left;"><a href="https://stage.dst.deutsche-schule.eu/wp-content/uploads/2018/05/EB_Exkursionen_Austauschwoche_28052018_dtspan.pdf" target="_blank" rel="noopener noreferrer">Excursiones durante el intercambio G4_28.05.2018</a></p>
<p style="text-align: left;"><a href="https://stage.dst.deutsche-schule.eu/wp-content/uploads/2018/05/Dia-de-Canarias.pdf" target="_blank" rel="noopener noreferrer">Día de Canarias Primaria_21.05.2018</a></p>
<p style="text-align: left;"><a href="https://stage.dst.deutsche-schule.eu/wp-content/uploads/2018/05/EB_SommerfestKIGA_2018.pdf" target="_blank" rel="noopener noreferrer">Fiesta de verano KIGA_18.05.2018</a></p>
<p style="text-align: left;"><a href="https://stage.dst.deutsche-schule.eu/wp-content/uploads/2018/05/EB_DíadeCanariasKIGA_2018.pdf" target="_blank" rel="noopener noreferrer">Día de Canarias KIGA_18.05.2018</a></p>
<p style="text-align: left;"><a href="https://stage.dst.deutsche-schule.eu/wp-content/uploads/2018/05/EB_InfoEA-KAy-Gonzalez_15052018.pdf" target="_blank" rel="noopener noreferrer">Reunión informativa Prof. González_15.05.2018</a></p>
<p style="text-align: left;"><a href="https://stage.dst.deutsche-schule.eu/wp-content/uploads/2018/05/EB_Vorlesewettbewerb_07052018.pdf" target="_blank" rel="noopener noreferrer">Concurso de lectura Primaria_07.05.2018</a></p>
<p style="text-align: left;"><a href="https://stage.dst.deutsche-schule.eu/wp-content/uploads/2018/05/EB_Theater_02052018.pdf" target="_blank" rel="noopener noreferrer">Visita del teatro Primaria_02.05.2018</a></p>
<p style="text-align: left;"><a href="https://stage.dst.deutsche-schule.eu/wp-content/uploads/2018/05/Einladung-K3-EA_02052018.pdf" target="_blank" rel="noopener noreferrer">K3+ reunión de padres_pasos a la Primaria_20.04.2018</a></p>
<p style="text-align: left;"><a href="https://stage.dst.deutsche-schule.eu/wp-content/uploads/2018/03/EB1ProjektMusicalSpielefest_16032018.pdf" target="_blank" rel="noopener noreferrer">Fiesta de deporte_Musical_Primaria_16.03.2018</a></p>
<p style="text-align: left;"><a href="https://stage.dst.deutsche-schule.eu/wp-content/uploads/2018/03/Elterninformation-zur-Sprachfeststellungsprüfung2018.pdf" target="_blank" rel="noopener noreferrer">Evaluación lingüística_15.03.2018</a></p>
<p style="text-align: left;"><a href="https://stage.dst.deutsche-schule.eu/wp-content/uploads/2018/03/osternspankiga.pdf" target="_blank" rel="noopener noreferrer">Pascua KIGA_13.03.2018</a></p>
<p style="text-align: left;"><a href="https://stage.dst.deutsche-schule.eu/wp-content/uploads/2018/03/EBExcursionG2_07032018.pdf" target="_blank" rel="noopener noreferrer">Excursión G2_07.03.2018</a></p>
<p style="text-align: left;"><a href="https://stage.dst.deutsche-schule.eu/wp-content/uploads/2018/01/EB_Projektwoche_TdoT_17012018.pdf" target="_blank" rel="noopener noreferrer">Días de proyectos y día de puertas abiertas Primaria_17.01.2018</a></p>
<p style="text-align: left;"><a href="https://stage.dst.deutsche-schule.eu/wp-content/uploads/2018/01/Dia-de-Puertas-Abiertas-2018.pdf" target="_blank" rel="noopener noreferrer">Día de puerta abiertas_17.01.2018</a></p>
<p style="text-align: left;"><a href="https://stage.dst.deutsche-schule.eu/wp-content/uploads/2018/01/carta_actividades_2.HJ20172018.pdf" target="_blank" rel="noopener noreferrer">carta actividades_16.01.2018</a></p>
<p style="text-align: left;"><a href="https://stage.dst.deutsche-schule.eu/wp-content/uploads/2017/12/Weihnachten-Navidades.pdf" target="_blank" rel="noopener noreferrer">Navidades_21.12.2017</a></p>
<p style="text-align: left;"><a href="https://stage.dst.deutsche-schule.eu/wp-content/uploads/2017/12/Spendeaktion-Weihnachten.pdf" target="_blank" rel="noopener noreferrer">Donación_13.12.2017</a></p>
<p style="text-align: left;"><a href="https://stage.dst.deutsche-schule.eu/wp-content/uploads/2017/12/Weihnachtsmarkt-Elterninformation2-Übersicht.pdf" target="_blank" rel="noopener noreferrer">Programación 20.12./21.12 plan_13.12.2017</a></p>
<p style="text-align: left;"><a href="https://stage.dst.deutsche-schule.eu/wp-content/uploads/2017/12/Elternbrief-2-Mercadillo.pdf" target="_blank" rel="noopener noreferrer">Concierto de navidad y mercadillo carta 2_13.12.2017</a></p>
<p style="text-align: left;"><a href="https://stage.dst.deutsche-schule.eu/wp-content/uploads/2017/11/Neue-Regelung-Mikrowellen.pdf" target="_blank" rel="noopener noreferrer">Microondas_27.11.2017</a></p>
<p style="text-align: left;"><a href="https://stage.dst.deutsche-schule.eu/wp-content/uploads/2017/11/1.Elternabend-Klassen-9-_Einladung_2017_2018.pdf" target="_blank" rel="noopener noreferrer">Reunión viaje clase 9_24.11.2017</a></p>
<p><a href="https://stage.dst.deutsche-schule.eu/wp-content/uploads/2017/11/EB_Mensa_08112017.pdf" target="_blank" rel="noopener noreferrer">Mensa_08.11.2017</a></p>
<p><a href="https://stage.dst.deutsche-schule.eu/wp-content/uploads/2017/11/EB_Weihnachtsbasteln_07112017.pdf" target="_blank" rel="noopener noreferrer">Manualidades navidad Primaria_07.11.2017</a></p>
<p><a href="https://stage.dst.deutsche-schule.eu/wp-content/uploads/2017/11/Einladung-Sankt-Martin-2017.pdf" target="_blank" rel="noopener noreferrer">I</a><a href="https://stage.dst.deutsche-schule.eu/wp-content/uploads/2017/11/Einladung-Sankt-Martin-2017.pdf" target="_blank" rel="noopener noreferrer">nvitación Sankt Martin_Kindergarten 1_31.10.2017</a></p>
<p><a href="https://stage.dst.deutsche-schule.eu/wp-content/uploads/2017/11/Elternbrief-Sankt-Martin-20172.pdf" target="_blank" rel="noopener noreferrer">Invitación Sankt Martin_Kindergarten 2_31.10.2017</a></p>
<p><a href="https://stage.dst.deutsche-schule.eu/wp-content/uploads/2017/11/Einladung-erster-Elternabend-Praktikumsreise-Jgst11.pdf" target="_blank" rel="noopener noreferrer">1° reunión viaje de prácticas en Berlin clase 11_29.1<span style="color: #ea5644;">0</span>.2017</a></p>
<p><a href="https://stage.dst.deutsche-schule.eu/wp-content/uploads/2017/10/1-Circular-17-18.pdf" target="_blank" rel="noopener noreferrer">1ª </a><a href="https://stage.dst.deutsche-schule.eu/wp-content/uploads/2017/10/1-Circular-17-18.pdf" target="_blank" rel="noopener noreferrer">Circular_04.10.2017</a></p>
<p><a href="https://stage.dst.deutsche-schule.eu/wp-content/uploads/2017/09/EB_AGs_28092017.pdf" target="_blank" rel="noopener noreferrer">actividades_28.09.2017</a></p>
<p><a href="https://stage.dst.deutsche-schule.eu/wp-content/uploads/2017/09/Mikrowelle.pdf" target="_blank" rel="noopener noreferrer">microondas_19.09.2017</a></p>
<p><a href="https://stage.dst.deutsche-schule.eu/wp-content/uploads/2017/09/Einladung-erster-Elternabend-September-27.07.2017.pdf" target="_blank" rel="noopener noreferrer">1º reunión Kindergarten_15.09.2017</a></p>
<p><a href="https://stage.dst.deutsche-schule.eu/wp-content/uploads/2017/09/Einschulung_Elterninfo_8.9._dt_span-3.pdf" target="_blank" rel="noopener noreferrer">Escolarización_05.09.2017</a></p>

<p>Circular directora_29.06.2018 Reunión de padres Kikri_11.06.2018 Libros escolares_08.06.2018 Campamento de verano_06.06.2018 Semana de proyecto Musical_01.06.2018 Excursiones [&hellip;]</p>
